{"id":874,"date":"2020-05-16T12:44:29","date_gmt":"2020-05-16T10:44:29","guid":{"rendered":"http:\/\/www.varloteaux.org\/pva\/?page_id=874"},"modified":"2024-07-24T14:00:15","modified_gmt":"2024-07-24T12:00:15","slug":"links","status":"publish","type":"page","link":"http:\/\/www.varloteaux.org\/pva\/links\/","title":{"rendered":"Liens"},"content":{"rendered":"<div  data-label=\"Features\" data-id=\"features--2\" data-export-id=\"features-13-card-bordered-colored\" data-category=\"features\" class=\"features-13 content-section content-section-spacing\" id=\"features-2\" style=\"background-color: rgb(255, 255, 255); background-image: none;\"><div  class=\"gridContainer\"> <div  class=\"row text-center\"><div  class=\"section-title-col\" data-type=\"column\">  <\/div> <\/div> <div  class=\"row spaced-cols center-sm content-center-sm\" data-type=\"row\">    <div  class=\"col xs-12 col-sm-3 col-md-3\"> <div  class=\"card bottom-border-color2\" data-type=\"column\">  <img  decoding=\"async\" class=\"custom-image\" src=\"http:\/\/www.varloteaux.org\/pva\/wp-content\/uploads\/2023\/01\/cropped-civanews-web.jpg\" alt=\"\" title=\"cropped-civanews-web.jpg\"><h4  class=\"\">CIVA\n<br >NEWS<\/h4> <p  class=\"\">CIVA Contests<\/p> <a class=\"button y-move small color-black\" href=\"https:\/\/www.civanews.com\" target=\"_blank\" data-cp-link=\"1\" data-icon=\"fa-link\" rel=\"noopener noreferrer\" marked=\"1\"><span  class=\"button-icon fa fa-link\"><\/span>WEBSITE<\/a><\/div> <\/div><\/div> <\/div><\/div><div  data-label=\"Features\" data-id=\"features--5\" data-export-id=\"features-13-card\" data-category=\"features\" class=\"features-13 content-section content-section-spacing\" id=\"features-5\" style=\"background-color: rgb(255, 255, 255);\" data-section-ov=\"1\"><div  class=\"gridContainer\"> <div  class=\"row text-center\"><div  class=\"section-title-col\" data-type=\"column\"> <h2  class=\"\">SOCIAL<\/h2> <\/div> <\/div> <div  class=\"row spaced-cols center-sm content-center-sm\" data-type=\"row\"> <div  class=\"col-sm-6 col-md-3\"> <div  class=\"card\" data-type=\"column\">  <img decoding=\"async\"  class=\"custom-image\" src=\"http:\/\/www.varloteaux.org\/pva\/wp-content\/uploads\/2023\/01\/civanews-fb.jpg\" title=\"civanews-fb\" alt=\"\"><h4  class=\"\">CIVA\n<br >NEWS<\/h4>  <p  class=\"\">CIVA Contests<\/p><a class=\"button y-move small color7\" href=\"https:\/\/www.facebook.com\/worldaerobatics\" target=\"_blank\" data-cp-link=\"1\" data-icon=\"fa-facebook-official\" rel=\"noopener\"><span  class=\"button-icon fa fa-facebook-official\"><\/span>FACEBOOK<\/a><\/div> <\/div><div  class=\" col-sm-6 col-md-3\"> <div  class=\"card\" data-type=\"column\">  <img decoding=\"async\"  class=\"custom-image\" src=\"http:\/\/www.varloteaux.org\/pva\/wp-content\/uploads\/2022\/12\/cropped-202210_Slovenia-009-2.jpg\" title=\"202210_Slovenia - 009\" alt=\"\"><h4  class=\"\">RICCARDO\n<br >CRESCI<\/h4>  <p  class=\"\">Aerobatic Pilot<\/p><a class=\"button y-move small color7\" href=\"https:\/\/fr-ca.facebook.com\/people\/Riccardo-Cresci-Aerobatics\/100063021409576\" target=\"_blank\" data-cp-link=\"1\" data-icon=\"fa-facebook-official\" rel=\"noopener\"><span  class=\"button-icon fa fa-facebook-official\"><\/span>FACEBOOK<\/a><\/div> <\/div><div  class=\"col-sm-6 col-md-3\"> <div  class=\"card\" data-type=\"column\">  <img decoding=\"async\"  class=\"custom-image\" src=\"http:\/\/www.varloteaux.org\/pva\/wp-content\/uploads\/2023\/01\/cropped-graef-square.jpg\" title=\"cropped-graef-square.jpg\" alt=\"\"><h4  class=\"\">MARTIN\n<br >GRAEF<\/h4>  <p  class=\"\">Aerobatic Pilot<\/p><a class=\"button y-move small color7\" href=\"https:\/\/www.facebook.com\/mgaerobaticeagle\" target=\"_blank\" data-cp-link=\"1\" data-icon=\"fa-facebook-official\" rel=\"noopener\"><span  class=\"button-icon fa fa-facebook-official\"><\/span>FACEBOOK<\/a><\/div> <\/div>   <\/div> <\/div><\/div><div  data-label=\"Features\" data-id=\"features--3\" data-export-id=\"features-13-card\" data-category=\"features\" class=\"features-13 content-section content-section-spacing\" id=\"features-3\" style=\"background-color: rgb(245, 250, 253); background-size: cover; background-position: center top; background-image: url(&quot;http:\/\/www.varloteaux.org\/pva\/wp-content\/uploads\/2020\/05\/201908_WAC-Cha\u0302teauroux-169-1.jpg&quot;);\"><div  class=\"gridContainer\"> <div  class=\"row text-center\"><div  class=\"section-title-col\" data-type=\"column\"> <h2  class=\"\"><span  style=\"color: rgb(255, 255, 255);\">F\u00e9d\u00e9rations voltige internationales<\/span><\/h2> <\/div> <\/div> <div  class=\"row spaced-cols center-sm content-center-sm\" data-type=\"row\"> <div  class=\"col-sm-6 col-md-3\"> <div  class=\"card\" data-type=\"column\">  <h4  class=\"\">CIVA<\/h4> <img  decoding=\"async\" class=\"custom-image\" src=\"http:\/\/www.varloteaux.org\/pva\/wp-content\/uploads\/2020\/05\/cropped-CIVA-square-500px-1.png\" alt=\"\" title=\"cropped-CIVA-square-500px-1.png\"><p  class=\"\">Commission Internationale pour la Voltige A\u00e9rienne<\/p> <a class=\"button y-move small color-black round\" href=\"https:\/\/www.ffa-aero.fr\/FR\/Federation_Aeronautique.awp\" target=\"_blank\" data-cp-link=\"1\" data-icon=\"\" rel=\"noopener noreferrer\" marked=\"1\">WEBSITE<\/a><\/div> <\/div><div  class=\" col-sm-6 col-md-3\"> <div  class=\"card\" data-type=\"column\">  <h4  class=\"\">FFA<\/h4> <img  decoding=\"async\" class=\"custom-image\" src=\"http:\/\/www.varloteaux.org\/pva\/wp-content\/uploads\/2020\/05\/logo-ffa-sport-aeriens.jpeg\" alt=\"\" title=\"logo-ffa-sport-aeriens\"><p  class=\"\">Le site officiel de la F\u00e9d\u00e9ration Fran\u00e7aise A\u00e9ronautique\n<\/p> <a class=\"button y-move small color-black round\" href=\"https:\/\/www.ffa-aero.fr\/FR\/Federation_Aeronautique.awp\" target=\"_blank\" data-cp-link=\"1\" data-icon=\"\" rel=\"noopener noreferrer\" marked=\"1\">WEBSITE<\/a><\/div> <\/div>   <div  class=\"col-sm-6 col-md-3\"> <div  class=\"card\" data-type=\"column\">  <h4  class=\"\">BAEA<\/h4> <img  decoding=\"async\" class=\"custom-image\" src=\"http:\/\/www.varloteaux.org\/pva\/wp-content\/uploads\/2020\/05\/logo-baea-square225px.jpeg\" alt=\"\" title=\"logo-baea-square225px\"><p  class=\"\">Le site officiel de la British Aerobatics Association (UK)\n<\/p> <a class=\"button y-move small color-black round\" href=\"https:\/\/www.aerobatics.org.uk\" target=\"_blank\" data-cp-link=\"1\" data-icon=\"\" rel=\"noopener noreferrer\" marked=\"1\">WEBSITE<\/a><\/div> <\/div><div  class=\"col-sm-6 col-md-3\"> <div  class=\"card\" data-type=\"column\">  <h4  class=\"\">IAC<\/h4> <img  decoding=\"async\" class=\"custom-image\" src=\"http:\/\/www.varloteaux.org\/pva\/wp-content\/uploads\/2020\/05\/logo-iac.png\" alt=\"\" title=\"logo-iac\"><p  class=\"\">Le site officiel de l\u2019International Aerobatics Club\n<\/p> <a class=\"button y-move small color-black round\" href=\"https:\/\/www.iac.org\" target=\"_blank\" data-cp-link=\"1\" data-icon=\"\" rel=\"noopener noreferrer\" marked=\"1\">WEBSITE<\/a><\/div> <\/div><\/div> <\/div><\/div><div  data-label=\"Features\" data-id=\"features--4\" data-export-id=\"features-16-card-bordered-colored\" data-category=\"features\" class=\"features-16-card-bordered-colored content-section content-section-spacing\" id=\"features-4\" style=\"background-color: rgb(245, 250, 253);\"><div  class=\"gridContainer\"> <div  class=\"row text-center\"><div  class=\"section-title-col\" data-type=\"column\"><h2  class=\"\">R\u00e9sultats sportifs \u2013 Informations<\/h2>  <\/div> <\/div> <div  class=\"row spaced-cols center-sm content-center-sm\" data-type=\"row\"> <div  class=\"col-xs-12 col-sm-6 col-md-4 \"> <div  class=\"card no-padding bottom-border-color7\"> <img  decoding=\"async\" class=\"face\" src=\"http:\/\/www.varloteaux.org\/pva\/wp-content\/uploads\/2020\/05\/civa-results-website.jpg\" alt=\"\" title=\"civa-results-website\"> <div  data-type=\"column\" class=\"col-padding-small col-padding-small-xs description-container\"> <h4  class=\"font-500 color1\">CIVA Results<\/h4> <p  class=\"\">R\u00e9sultats des comp\u00e9titions internationales. Site officiel FAI<\/p><\/div> <div  data-type=\"column\" class=\"col-padding-small col-padding-small-xs read-more-container\"><a class=\"button small color-black round outline\" href=\"#\" target=\"_blank\" data-cp-link=\"1\" data-icon=\"\" rel=\"noopener noreferrer\" marked=\"1\">WEBSITE<\/a><\/div> <\/div><\/div>   <div  class=\"col-xs-12 col-sm-6 col-md-4 \"> <div  class=\"card no-padding bottom-border-color7\"> <img  decoding=\"async\" class=\"face\" src=\"http:\/\/www.varloteaux.org\/pva\/wp-content\/uploads\/2020\/05\/cropped-ffa-logo-720p-border-1.jpg\" alt=\"\" title=\"cropped-ffa-logo-720p-border-1.jpg\"> <div  data-type=\"column\" class=\"col-padding-small col-padding-small-xs description-container\"> <h4  class=\"font-500 color1\">R\u00e9sultats france<\/h4> <p  class=\"\">R\u00e9sultats des comp\u00e9titions nationales France.\n<br >Site officiel f\u00e9d\u00e9ral<\/p><\/div> <div  data-type=\"column\" class=\"col-padding-small col-padding-small-xs read-more-container\"><a class=\"button small color-black round outline\" href=\"https:\/\/voltige.ff-aero.fr\/ACRO\" target=\"_blank\" data-cp-link=\"1\" data-icon=\"\" rel=\"noopener noreferrer\" marked=\"1\">WEBSITE<\/a><\/div> <\/div><\/div><div  class=\"col-xs-12 col-sm-6 col-md-4\"> <div  class=\"card no-padding bottom-border-color7\"> <img  decoding=\"async\" class=\"face\" src=\"http:\/\/www.varloteaux.org\/pva\/wp-content\/uploads\/2020\/05\/civa-news-website.jpg\" alt=\"\" title=\"civa-news-website\"> <div  data-type=\"column\" class=\"col-padding-small col-padding-small-xs description-container\"> <h4  class=\"font-500 color1\">CIVA NEWS<\/h4> <p  class=\"\">Tout sur la voltige a\u00e9rienne en comp\u00e9tition: r\u00e9glements, futures comp\u00e9titions, etc\u2026<\/p><\/div> <div  data-type=\"column\" class=\"col-padding-small col-padding-small-xs read-more-container\"><a class=\"button small color-black round outline\" href=\"https:\/\/civa-news.com\" target=\"_blank\" data-cp-link=\"1\" data-icon=\"\" rel=\"noopener noreferrer\" marked=\"1\">WEBSITE<\/a><\/div> <\/div><\/div><\/div><\/div> <\/div>","protected":false},"excerpt":{"rendered":"<p>CIVA NEWS CIVA Contests WEBSITE SOCIAL CIVA NEWS CIVA ContestsFACEBOOK RICCARDO CRESCI Aerobatic PilotFACEBOOK MARTIN GRAEF Aerobatic PilotFACEBOOK F\u00e9d\u00e9rations voltige internationales CIVA Commission Internationale pour la Voltige A\u00e9rienne WEBSITE FFA Le site officiel de la F\u00e9d\u00e9ration Fran\u00e7aise A\u00e9ronautique WEBSITE BAEA Le site officiel de la British Aerobatics Association (UK) WEBSITE IAC Le site officiel de&hellip; <br \/> <a class=\"read-more\" href=\"http:\/\/www.varloteaux.org\/pva\/links\/\">Read more<\/a><\/p>\n","protected":false},"author":1,"featured_media":0,"parent":0,"menu_order":0,"comment_status":"closed","ping_status":"closed","template":"pro\/page-templates\/full-width-page.php","meta":{"footnotes":""},"class_list":["post-874","page","type-page","status-publish","hentry"],"yoast_head":"<!-- This site is optimized with the Yoast SEO plugin v25.6 - https:\/\/yoast.com\/wordpress\/plugins\/seo\/ -->\n<title>Liens - Pierre Varloteaux Aerobatics<\/title>\n<meta name=\"robots\" content=\"index, follow, max-snippet:-1, max-image-preview:large, max-video-preview:-1\" \/>\n<link rel=\"canonical\" href=\"http:\/\/www.varloteaux.org\/pva\/links\/\" \/>\n<meta property=\"og:locale\" content=\"fr_FR\" \/>\n<meta property=\"og:type\" content=\"article\" \/>\n<meta property=\"og:title\" content=\"Liens - Pierre Varloteaux Aerobatics\" \/>\n<meta property=\"og:description\" content=\"CIVA NEWS CIVA Contests WEBSITE SOCIAL CIVA NEWS CIVA ContestsFACEBOOK RICCARDO CRESCI Aerobatic PilotFACEBOOK MARTIN GRAEF Aerobatic PilotFACEBOOK F\u00e9d\u00e9rations voltige internationales CIVA Commission Internationale pour la Voltige A\u00e9rienne WEBSITE FFA Le site officiel de la F\u00e9d\u00e9ration Fran\u00e7aise A\u00e9ronautique WEBSITE BAEA Le site officiel de la British Aerobatics Association (UK) WEBSITE IAC Le site officiel de&hellip; Read more\" \/>\n<meta property=\"og:url\" content=\"http:\/\/www.varloteaux.org\/pva\/links\/\" \/>\n<meta property=\"og:site_name\" content=\"Pierre Varloteaux Aerobatics\" \/>\n<meta property=\"article:modified_time\" content=\"2024-07-24T12:00:15+00:00\" \/>\n<meta property=\"og:image\" content=\"http:\/\/www.varloteaux.org\/pva\/wp-content\/uploads\/2023\/01\/cropped-civanews-web.jpg\" \/>\n<meta name=\"twitter:card\" content=\"summary_large_image\" \/>\n<meta name=\"twitter:label1\" content=\"Dur\u00e9e de lecture estim\u00e9e\" \/>\n\t<meta name=\"twitter:data1\" content=\"1 minute\" \/>\n<script type=\"application\/ld+json\" class=\"yoast-schema-graph\">{\"@context\":\"https:\/\/schema.org\",\"@graph\":[{\"@type\":\"WebPage\",\"@id\":\"http:\/\/www.varloteaux.org\/pva\/links\/\",\"url\":\"http:\/\/www.varloteaux.org\/pva\/links\/\",\"name\":\"Liens - Pierre Varloteaux Aerobatics\",\"isPartOf\":{\"@id\":\"https:\/\/www.varloteaux.org\/pva\/#website\"},\"primaryImageOfPage\":{\"@id\":\"http:\/\/www.varloteaux.org\/pva\/links\/#primaryimage\"},\"image\":{\"@id\":\"http:\/\/www.varloteaux.org\/pva\/links\/#primaryimage\"},\"thumbnailUrl\":\"http:\/\/www.varloteaux.org\/pva\/wp-content\/uploads\/2023\/01\/cropped-civanews-web.jpg\",\"datePublished\":\"2020-05-16T10:44:29+00:00\",\"dateModified\":\"2024-07-24T12:00:15+00:00\",\"breadcrumb\":{\"@id\":\"http:\/\/www.varloteaux.org\/pva\/links\/#breadcrumb\"},\"inLanguage\":\"fr-FR\",\"potentialAction\":[{\"@type\":\"ReadAction\",\"target\":[\"http:\/\/www.varloteaux.org\/pva\/links\/\"]}]},{\"@type\":\"ImageObject\",\"inLanguage\":\"fr-FR\",\"@id\":\"http:\/\/www.varloteaux.org\/pva\/links\/#primaryimage\",\"url\":\"http:\/\/www.varloteaux.org\/pva\/wp-content\/uploads\/2023\/01\/cropped-civanews-web.jpg\",\"contentUrl\":\"http:\/\/www.varloteaux.org\/pva\/wp-content\/uploads\/2023\/01\/cropped-civanews-web.jpg\",\"width\":1280,\"height\":718},{\"@type\":\"BreadcrumbList\",\"@id\":\"http:\/\/www.varloteaux.org\/pva\/links\/#breadcrumb\",\"itemListElement\":[{\"@type\":\"ListItem\",\"position\":1,\"name\":\"Accueil\",\"item\":\"https:\/\/www.varloteaux.org\/pva\/\"},{\"@type\":\"ListItem\",\"position\":2,\"name\":\"Liens\"}]},{\"@type\":\"WebSite\",\"@id\":\"https:\/\/www.varloteaux.org\/pva\/#website\",\"url\":\"https:\/\/www.varloteaux.org\/pva\/\",\"name\":\"Pierre Varloteaux Aerobatics\",\"description\":\"Enjoy the magic world of aeroatics\",\"publisher\":{\"@id\":\"https:\/\/www.varloteaux.org\/pva\/#\/schema\/person\/ff117542a10bad295dfa2b77f4707c1e\"},\"potentialAction\":[{\"@type\":\"SearchAction\",\"target\":{\"@type\":\"EntryPoint\",\"urlTemplate\":\"https:\/\/www.varloteaux.org\/pva\/?s={search_term_string}\"},\"query-input\":{\"@type\":\"PropertyValueSpecification\",\"valueRequired\":true,\"valueName\":\"search_term_string\"}}],\"inLanguage\":\"fr-FR\"},{\"@type\":[\"Person\",\"Organization\"],\"@id\":\"https:\/\/www.varloteaux.org\/pva\/#\/schema\/person\/ff117542a10bad295dfa2b77f4707c1e\",\"name\":\"pierre.varloteaux\",\"image\":{\"@type\":\"ImageObject\",\"inLanguage\":\"fr-FR\",\"@id\":\"https:\/\/www.varloteaux.org\/pva\/#\/schema\/person\/image\/\",\"url\":\"http:\/\/www.varloteaux.org\/pva\/wp-content\/uploads\/2022\/03\/pva-droite-black.png\",\"contentUrl\":\"http:\/\/www.varloteaux.org\/pva\/wp-content\/uploads\/2022\/03\/pva-droite-black.png\",\"width\":1688,\"height\":2000,\"caption\":\"pierre.varloteaux\"},\"logo\":{\"@id\":\"https:\/\/www.varloteaux.org\/pva\/#\/schema\/person\/image\/\"},\"sameAs\":[\"http:\/\/www.varloteaux.org\/pva\"]}]}<\/script>\n<!-- \/ Yoast SEO plugin. -->","yoast_head_json":{"title":"Liens - Pierre Varloteaux Aerobatics","robots":{"index":"index","follow":"follow","max-snippet":"max-snippet:-1","max-image-preview":"max-image-preview:large","max-video-preview":"max-video-preview:-1"},"canonical":"http:\/\/www.varloteaux.org\/pva\/links\/","og_locale":"fr_FR","og_type":"article","og_title":"Liens - Pierre Varloteaux Aerobatics","og_description":"CIVA NEWS CIVA Contests WEBSITE SOCIAL CIVA NEWS CIVA ContestsFACEBOOK RICCARDO CRESCI Aerobatic PilotFACEBOOK MARTIN GRAEF Aerobatic PilotFACEBOOK F\u00e9d\u00e9rations voltige internationales CIVA Commission Internationale pour la Voltige A\u00e9rienne WEBSITE FFA Le site officiel de la F\u00e9d\u00e9ration Fran\u00e7aise A\u00e9ronautique WEBSITE BAEA Le site officiel de la British Aerobatics Association (UK) WEBSITE IAC Le site officiel de&hellip; Read more","og_url":"http:\/\/www.varloteaux.org\/pva\/links\/","og_site_name":"Pierre Varloteaux Aerobatics","article_modified_time":"2024-07-24T12:00:15+00:00","og_image":[{"url":"http:\/\/www.varloteaux.org\/pva\/wp-content\/uploads\/2023\/01\/cropped-civanews-web.jpg","type":"","width":"","height":""}],"twitter_card":"summary_large_image","twitter_misc":{"Dur\u00e9e de lecture estim\u00e9e":"1 minute"},"schema":{"@context":"https:\/\/schema.org","@graph":[{"@type":"WebPage","@id":"http:\/\/www.varloteaux.org\/pva\/links\/","url":"http:\/\/www.varloteaux.org\/pva\/links\/","name":"Liens - Pierre Varloteaux Aerobatics","isPartOf":{"@id":"https:\/\/www.varloteaux.org\/pva\/#website"},"primaryImageOfPage":{"@id":"http:\/\/www.varloteaux.org\/pva\/links\/#primaryimage"},"image":{"@id":"http:\/\/www.varloteaux.org\/pva\/links\/#primaryimage"},"thumbnailUrl":"http:\/\/www.varloteaux.org\/pva\/wp-content\/uploads\/2023\/01\/cropped-civanews-web.jpg","datePublished":"2020-05-16T10:44:29+00:00","dateModified":"2024-07-24T12:00:15+00:00","breadcrumb":{"@id":"http:\/\/www.varloteaux.org\/pva\/links\/#breadcrumb"},"inLanguage":"fr-FR","potentialAction":[{"@type":"ReadAction","target":["http:\/\/www.varloteaux.org\/pva\/links\/"]}]},{"@type":"ImageObject","inLanguage":"fr-FR","@id":"http:\/\/www.varloteaux.org\/pva\/links\/#primaryimage","url":"http:\/\/www.varloteaux.org\/pva\/wp-content\/uploads\/2023\/01\/cropped-civanews-web.jpg","contentUrl":"http:\/\/www.varloteaux.org\/pva\/wp-content\/uploads\/2023\/01\/cropped-civanews-web.jpg","width":1280,"height":718},{"@type":"BreadcrumbList","@id":"http:\/\/www.varloteaux.org\/pva\/links\/#breadcrumb","itemListElement":[{"@type":"ListItem","position":1,"name":"Accueil","item":"https:\/\/www.varloteaux.org\/pva\/"},{"@type":"ListItem","position":2,"name":"Liens"}]},{"@type":"WebSite","@id":"https:\/\/www.varloteaux.org\/pva\/#website","url":"https:\/\/www.varloteaux.org\/pva\/","name":"Pierre Varloteaux Aerobatics","description":"Enjoy the magic world of aeroatics","publisher":{"@id":"https:\/\/www.varloteaux.org\/pva\/#\/schema\/person\/ff117542a10bad295dfa2b77f4707c1e"},"potentialAction":[{"@type":"SearchAction","target":{"@type":"EntryPoint","urlTemplate":"https:\/\/www.varloteaux.org\/pva\/?s={search_term_string}"},"query-input":{"@type":"PropertyValueSpecification","valueRequired":true,"valueName":"search_term_string"}}],"inLanguage":"fr-FR"},{"@type":["Person","Organization"],"@id":"https:\/\/www.varloteaux.org\/pva\/#\/schema\/person\/ff117542a10bad295dfa2b77f4707c1e","name":"pierre.varloteaux","image":{"@type":"ImageObject","inLanguage":"fr-FR","@id":"https:\/\/www.varloteaux.org\/pva\/#\/schema\/person\/image\/","url":"http:\/\/www.varloteaux.org\/pva\/wp-content\/uploads\/2022\/03\/pva-droite-black.png","contentUrl":"http:\/\/www.varloteaux.org\/pva\/wp-content\/uploads\/2022\/03\/pva-droite-black.png","width":1688,"height":2000,"caption":"pierre.varloteaux"},"logo":{"@id":"https:\/\/www.varloteaux.org\/pva\/#\/schema\/person\/image\/"},"sameAs":["http:\/\/www.varloteaux.org\/pva"]}]}},"_links":{"self":[{"href":"http:\/\/www.varloteaux.org\/pva\/wp-json\/wp\/v2\/pages\/874","targetHints":{"allow":["GET"]}}],"collection":[{"href":"http:\/\/www.varloteaux.org\/pva\/wp-json\/wp\/v2\/pages"}],"about":[{"href":"http:\/\/www.varloteaux.org\/pva\/wp-json\/wp\/v2\/types\/page"}],"author":[{"embeddable":true,"href":"http:\/\/www.varloteaux.org\/pva\/wp-json\/wp\/v2\/users\/1"}],"replies":[{"embeddable":true,"href":"http:\/\/www.varloteaux.org\/pva\/wp-json\/wp\/v2\/comments?post=874"}],"version-history":[{"count":11,"href":"http:\/\/www.varloteaux.org\/pva\/wp-json\/wp\/v2\/pages\/874\/revisions"}],"predecessor-version":[{"id":11246,"href":"http:\/\/www.varloteaux.org\/pva\/wp-json\/wp\/v2\/pages\/874\/revisions\/11246"}],"wp:attachment":[{"href":"http:\/\/www.varloteaux.org\/pva\/wp-json\/wp\/v2\/media?parent=874"}],"curies":[{"name":"wp","href":"https:\/\/api.w.org\/{rel}","templated":true}]}}