{"id":866,"date":"2020-05-16T12:42:18","date_gmt":"2020-05-16T10:42:18","guid":{"rendered":"http:\/\/www.varloteaux.org\/pva\/?page_id=866"},"modified":"2022-12-28T19:16:29","modified_gmt":"2022-12-28T18:16:29","slug":"a-propos-en-texte","status":"publish","type":"page","link":"http:\/\/www.varloteaux.org\/pva\/a-propos\/a-propos-en-texte\/","title":{"rendered":"A propos &#8211; En texte"},"content":{"rendered":"<div  data-label=\"About\" data-id=\"about--1\" data-export-id=\"about-9\" data-category=\"about\" class=\"about-9 content-section content-section-spacing\" id=\"about-1\" style=\"background-color: rgb(255, 255, 255);\"><div  class=\"gridContainer\"> <div  class=\"row middle-sm text-center\"><div  class=\"col-sm-5 space-bottom-xs content-column content-right-sm\" data-type=\"column\">  <h2  class=\"\">PIERRE VARLOTEAUX<\/h2> <h4  class=\"\">&nbsp;Dipl\u00f4mes a\u00e9ronautiques<\/h4><p  class=\"\">Brevet militaire de pilote de chasse<br >\nCPL, ATPL th\u00e9orique, FI, FCL 800, BFV 3<br >\nFCL 905 (instruction\/d\u00e9livrance FCL 800)<br >\nDEFVA (instruction\/d\u00e9livrance BFV 1, 2, 3)<br >\nFCL 55 (Anglais)<\/p> <\/div> <div  class=\"col-sm-7 flexbox flexbox middle-xs center-xs space-bottom-xs\"><div  class=\"overlay-box flexbox middle-xs center-xs overlay-holder \"> <div  class=\"overlay-box-offset offset-background shadow-medium bg-color2 hide-xs\"><\/div> <img  decoding=\"async\" class=\"flexbox shadow-large img1\" src=\"http:\/\/www.varloteaux.org\/pva\/wp-content\/uploads\/2020\/05\/varloteaux_pierre_13.jpg\" data-size=\"600x400\" alt=\"\" title=\"varloteaux_pierre_13\"><\/div> <\/div><\/div> <\/div><\/div><div  data-label=\"Overlappable\" data-id=\"overlappable--1\" data-export-id=\"overlappable-3\" data-category=\"overlappable\" class=\"overlappable-3 content-section content-section-spacing\" data-overlap=\"true\" id=\"overlappable-1\" style=\"background-color: rgb(238, 238, 238); background-image: none;\"><div  class=\"gridContainer\"> <div  class=\"row bg-color-white shadow-medium\"><div  class=\"col-xs-12 col-sm-6 image-col first-image-col\" data-bg=\"image\" style=\"background-image: url(&quot;http:\/\/www.varloteaux.org\/pva\/wp-content\/uploads\/2020\/05\/cropped-pierrehisto-1.jpg&quot;);\"><\/div> <div  class=\"col-xs-12 col-sm-6 content-col col-padding col-padding-xs\"> <div  class=\"col-padding\" data-type=\"column\"> <h4  class=\"\" style=\"text-align: center;\">Exp\u00e9rience en voltige<\/h4> <p  class=\"\">2001 : Pilote \u00e0 l\u2019\u00c9quipe de Voltige de l\u2019Arm\u00e9e de l\u2019Air<br >\n2002 : M\u00e9daille d\u2019or \u00e0 la Coupe Desavois Sud. Champion de France Biplace \u00e0 Amberieu sur Cap 10B<br >\n2003 : Vice champion de France Marcel Doret sur Cap 232<br >\n2005 : S\u00e9lectionn\u00e9 en \u00c9quipe de France en tant que rempla\u00e7ant \/ ouvreur. N\u2019a pu participer aux championnats du monde suite \u00e0 un accident a\u00e9rien<br >\n2008: Ouvreur aux championnats d\u2019Europe \u00e0 Hradeck Kralov\u00e9 (R\u00e9publique Tch\u00e8que) sur Extra 300 L (biplace)<br >\n2009: Champion du monde par \u00e9quipe aux championnats du monde de Silverstone (UK), 3\u00e8me aux championnats de France \u00c9lite \u00e0 Amberieu, 3\u00e8me \u00e0 la Coupe de France Elite \u00e0 Ch\u00e2teauroux.<br >\n2010: Vice-champion de France cat\u00e9gorie \u00ab \u00c9lite \u00bb \u00e0 Saint-Yan<br >\n2011: 3\u00e8me aux championnats de France \u00ab \u00c9lite \u00bb \u00e0 Dijon<br >\n2012: Vice-champion de France cat\u00e9gorie \u00ab \u00c9lite \u00bb \u00e0 Castres, 1er \u00e0 la coupe de France \u00e0 Ch\u00e2teauroux, 7\u00e8me masculin aux championnats d\u2019Europe \u00e0 Dubnica (Slovaquie)<br >\n2013: M\u00e9daill\u00e9 d\u2019or \u00e0 l\u2019Aerobatic Freestyle Chalenge \u00e0 Prague (R\u00e9publique Tch\u00e8que). A particip\u00e9 aux championnats du monde au Texas (USA). Retrait de la comp\u00e9tition<br >\n2015-2018: Commandant de l\u2019\u00e9quipe de voltige de l\u2019arm\u00e9e de l\u2019air<\/p> <\/div> <\/div><\/div> <div  class=\"row bg-color-white shadow-medium\"><div  class=\"col-xs-12 col-sm-6 content-col col-padding col-padding-xs\"> <div  class=\"col-padding\" data-type=\"column\"><h4  class=\"\" style=\"text-align: center;\">Autres exp\u00e9riences a\u00e9ronautiques<\/h4> <p  class=\"\">1991 : Entr\u00e9e dans l\u2019Arm\u00e9e de l\u2019Air<br >\n1993 : Brevet\u00e9 pilote de chasse<br >\n1994 : Instructeur \u00e0 Cognac sur Epsilon TB30 puis au 3\u00e8me EIV \u00e0 Salon-de-Provence sur Embraer 312 Tucano<br >\n1998 : Escadron de chasse 2\/4 Lafayette \u00e0 Luxeuil sur Mirage 2000 N<br >\n2005-2007: Instructeur sur Jodel D140 pour l\u2019\u00e9cole de navigateurs de Salon, et pilote Alphajet<br >\n2018: Instructeur sur Cirrus SR20\/22 au CFAMI de Salon-de-Provence<br >\n2019: D\u00e9part de l\u2019Arm\u00e9e de l\u2019Air, cr\u00e9ation de Pierre Varloteaux Aerobatics. Cr\u00e9ation avec Romain Fhal de la soci\u00e9t\u00e9 FVA, mettant en \u0153uvre 2 Extra 330 SC pour la location.<\/p> <\/div> <\/div> <div  class=\"col-xs-12 col-sm-6 image-col second-image-col first-xs last-sm\" data-bg=\"image\" style=\"background-image: url(&quot;http:\/\/www.varloteaux.org\/pva\/wp-content\/uploads\/2020\/05\/cropped-bio_pva_09.jpg&quot;);\"><\/div> <\/div><\/div> <\/div><div  data-label=\"About\" data-id=\"about--2\" data-export-id=\"about-4\" data-category=\"about\" class=\"about-4 content-section content-section-spacing white-text\" id=\"about-2\" style=\"background-color: rgb(52, 58, 64); background-image: none;\" data-section-ov=\"1\"><div  class=\"gridContainer\"> <div  class=\"row middle-sm text-center\"><div  class=\"col-sm-5 space-bottom-xs\" data-type=\"column\">  <h4  class=\"\">FFA &amp; CIVA<\/h4> <p  class=\"\" style=\"text-align: left;\">Pr\u00e9sident de la commission jugement FFA de 2015 \u00e0 2018<br >\nJuge national (FFA) depuis 2012<br >\nChef-juge national (FFA) depuis 2015\n<br ><br >\nVice-d\u00e9l\u00e9gu\u00e9 France \u00e0 la commission internationale pour la voltige a\u00e9rienne (CIVA) depuis 2012\n\n<br >Pr\u00e9sident de la Commission Jugement Internationale (CIVA) depuis 2018<br >&nbsp;<br >Juge international\n<br >Membre du jury international pour :\n<br ><span  style=\"font-weight: 300;\">EAC 2016, WAC 2017, WAC 2019, WAAC 2023<\/span><br >\nPr\u00e9sident du jury international pour:\n<br ><span  style=\"font-weight: 300;\">EAC 2018, WAAC 2021, WAC 2022, EAAC 2022, EAC 2023<\/span><\/p> <\/div> <div  class=\"col-sm-7 flexbox center-xs middle-xs image-group-2-img\"> <img  decoding=\"async\" class=\"img-1 shadow-large\" data-size=\"250x200\" src=\"http:\/\/www.varloteaux.org\/pva\/wp-content\/uploads\/2020\/05\/cropped-bio_pva_23.jpg\" alt=\"\" title=\"cropped-bio_pva_23.jpg\"> <img  decoding=\"async\" class=\"img-2 shadow-large\" data-size=\"220x170\" src=\"http:\/\/www.varloteaux.org\/pva\/wp-content\/uploads\/2020\/05\/cropped-bio_pva_24.jpg\" alt=\"\" title=\"cropped-bio_pva_24.jpg\"><\/div> <\/div><\/div> <\/div><div  data-label=\"Overlappable\" data-id=\"overlappable--2\" data-export-id=\"overlappable-1\" data-category=\"overlappable\" class=\"overlappable-1 content-section content-section-spacing\" data-overlap=\"true\" id=\"overlappable-2\" style=\"background-color: rgb(255, 255, 255); background-image: url(&quot;http:\/\/www.varloteaux.org\/pva\/wp-content\/uploads\/2020\/05\/fond_1600x1067_01.jpg&quot;); background-size: cover; background-position: center top;\"><div  class=\"gridContainer\"> <div  data-type=\"row\" class=\"row shadow-medium content-center-sm\"><div  data-type=\"column\" class=\"col-xs-12 col-sm-4 flexcol col-padding col-padding-small-xs col-md-6 bg-color-black\">  <h5  class=\"\"><span  style=\"color: rgb(255, 255, 255);\">Avions<\/span><\/h5> <p  class=\"\" style=\"text-align: left;\"><span  style=\"font-style: italic; color: rgb(255, 255, 255);\">V<\/span><span  style=\"color: rgb(255, 255, 255);\">oltige<\/span><br ><span  style=\"color: rgb(255, 255, 255); font-weight: 300;\">\nCap 10, Cap 232, Extra 330 (LC, SC, LX, NG, etc), SU26\/29<\/span><br ><span  style=\"color: rgb(255, 255, 255);\">\nAutre<\/span><br ><span  style=\"color: rgb(255, 255, 255); font-weight: 300;\">\nEpsilon TB30, Alphajet, Embraer 312 Tucano, Mirage 2000 B\/C\/RDM\/N, TB 20, SR 20\/22<\/span><\/p> <\/div>  <div  data-type=\"column\" class=\"col-xs-12 col-sm-4 flexcol bg-color6 col-padding col-padding-small-xs inverted col-md-6\"> <h5  class=\"inverted\">Heures de vol<\/h5> <p  class=\"\" style=\"text-align: left;\">Totales: 4250h<br >\n<span  style=\"font-weight: 300;\">Sur r\u00e9acteur (Alphajet, Mirage 2000): 900h<\/span><br ><span  style=\"font-weight: 300;\">\nSur avion de voltige: 1600h<\/span><br ><span  style=\"font-weight: 300;\">\nSur Extra 330 (LC, SC, NG, etc) : 1200h<\/span><br >\nPlus de 200 pr\u00e9sentations en meeting, en voltige solo ou synchronis\u00e9e<\/p> <\/div> <\/div><\/div> <\/div>","protected":false},"excerpt":{"rendered":"<p>PIERRE VARLOTEAUX &nbsp;Dipl\u00f4mes a\u00e9ronautiquesBrevet militaire de pilote de chasse CPL, ATPL th\u00e9orique, FI, FCL 800, BFV 3 FCL 905 (instruction\/d\u00e9livrance FCL 800) DEFVA (instruction\/d\u00e9livrance BFV 1, 2, 3) FCL 55 (Anglais) Exp\u00e9rience en voltige 2001 : Pilote \u00e0 l\u2019\u00c9quipe de Voltige de l\u2019Arm\u00e9e de l\u2019Air 2002 : M\u00e9daille d\u2019or \u00e0 la Coupe Desavois Sud. Champion&hellip; <br \/> <a class=\"read-more\" href=\"http:\/\/www.varloteaux.org\/pva\/a-propos\/a-propos-en-texte\/\">Read more<\/a><\/p>\n","protected":false},"author":1,"featured_media":0,"parent":197,"menu_order":0,"comment_status":"closed","ping_status":"closed","template":"pro\/page-templates\/full-width-page.php","meta":{"footnotes":""},"class_list":["post-866","page","type-page","status-publish","hentry"],"yoast_head":"<!-- This site is optimized with the Yoast SEO plugin v25.6 - https:\/\/yoast.com\/wordpress\/plugins\/seo\/ -->\n<title>A propos - En texte - Pierre Varloteaux Aerobatics<\/title>\n<meta name=\"robots\" content=\"index, follow, max-snippet:-1, max-image-preview:large, max-video-preview:-1\" \/>\n<link rel=\"canonical\" href=\"https:\/\/www.varloteaux.org\/pva\/a-propos\/a-propos-en-texte\/\" \/>\n<meta property=\"og:locale\" content=\"fr_FR\" \/>\n<meta property=\"og:type\" content=\"article\" \/>\n<meta property=\"og:title\" content=\"A propos - En texte - Pierre Varloteaux Aerobatics\" \/>\n<meta property=\"og:description\" content=\"PIERRE VARLOTEAUX &nbsp;Dipl\u00f4mes a\u00e9ronautiquesBrevet militaire de pilote de chasse CPL, ATPL th\u00e9orique, FI, FCL 800, BFV 3 FCL 905 (instruction\/d\u00e9livrance FCL 800) DEFVA (instruction\/d\u00e9livrance BFV 1, 2, 3) FCL 55 (Anglais) Exp\u00e9rience en voltige 2001 : Pilote \u00e0 l\u2019\u00c9quipe de Voltige de l\u2019Arm\u00e9e de l\u2019Air 2002 : M\u00e9daille d\u2019or \u00e0 la Coupe Desavois Sud. Champion&hellip; Read more\" \/>\n<meta property=\"og:url\" content=\"https:\/\/www.varloteaux.org\/pva\/a-propos\/a-propos-en-texte\/\" \/>\n<meta property=\"og:site_name\" content=\"Pierre Varloteaux Aerobatics\" \/>\n<meta property=\"article:modified_time\" content=\"2022-12-28T18:16:29+00:00\" \/>\n<meta property=\"og:image\" content=\"http:\/\/www.varloteaux.org\/pva\/wp-content\/uploads\/2020\/05\/varloteaux_pierre_13.jpg\" \/>\n<meta name=\"twitter:card\" content=\"summary_large_image\" \/>\n<meta name=\"twitter:label1\" content=\"Dur\u00e9e de lecture estim\u00e9e\" \/>\n\t<meta name=\"twitter:data1\" content=\"3 minutes\" \/>\n<script type=\"application\/ld+json\" class=\"yoast-schema-graph\">{\"@context\":\"https:\/\/schema.org\",\"@graph\":[{\"@type\":\"WebPage\",\"@id\":\"https:\/\/www.varloteaux.org\/pva\/a-propos\/a-propos-en-texte\/\",\"url\":\"https:\/\/www.varloteaux.org\/pva\/a-propos\/a-propos-en-texte\/\",\"name\":\"A propos - En texte - Pierre Varloteaux Aerobatics\",\"isPartOf\":{\"@id\":\"https:\/\/www.varloteaux.org\/pva\/#website\"},\"primaryImageOfPage\":{\"@id\":\"https:\/\/www.varloteaux.org\/pva\/a-propos\/a-propos-en-texte\/#primaryimage\"},\"image\":{\"@id\":\"https:\/\/www.varloteaux.org\/pva\/a-propos\/a-propos-en-texte\/#primaryimage\"},\"thumbnailUrl\":\"http:\/\/www.varloteaux.org\/pva\/wp-content\/uploads\/2020\/05\/varloteaux_pierre_13.jpg\",\"datePublished\":\"2020-05-16T10:42:18+00:00\",\"dateModified\":\"2022-12-28T18:16:29+00:00\",\"breadcrumb\":{\"@id\":\"https:\/\/www.varloteaux.org\/pva\/a-propos\/a-propos-en-texte\/#breadcrumb\"},\"inLanguage\":\"fr-FR\",\"potentialAction\":[{\"@type\":\"ReadAction\",\"target\":[\"https:\/\/www.varloteaux.org\/pva\/a-propos\/a-propos-en-texte\/\"]}]},{\"@type\":\"ImageObject\",\"inLanguage\":\"fr-FR\",\"@id\":\"https:\/\/www.varloteaux.org\/pva\/a-propos\/a-propos-en-texte\/#primaryimage\",\"url\":\"http:\/\/www.varloteaux.org\/pva\/wp-content\/uploads\/2020\/05\/varloteaux_pierre_13.jpg\",\"contentUrl\":\"http:\/\/www.varloteaux.org\/pva\/wp-content\/uploads\/2020\/05\/varloteaux_pierre_13.jpg\",\"width\":1024,\"height\":683},{\"@type\":\"BreadcrumbList\",\"@id\":\"https:\/\/www.varloteaux.org\/pva\/a-propos\/a-propos-en-texte\/#breadcrumb\",\"itemListElement\":[{\"@type\":\"ListItem\",\"position\":1,\"name\":\"Accueil\",\"item\":\"https:\/\/www.varloteaux.org\/pva\/\"},{\"@type\":\"ListItem\",\"position\":2,\"name\":\"A propos\",\"item\":\"https:\/\/www.varloteaux.org\/pva\/a-propos\/\"},{\"@type\":\"ListItem\",\"position\":3,\"name\":\"A propos &#8211; En texte\"}]},{\"@type\":\"WebSite\",\"@id\":\"https:\/\/www.varloteaux.org\/pva\/#website\",\"url\":\"https:\/\/www.varloteaux.org\/pva\/\",\"name\":\"Pierre Varloteaux Aerobatics\",\"description\":\"Enjoy the magic world of aeroatics\",\"publisher\":{\"@id\":\"https:\/\/www.varloteaux.org\/pva\/#\/schema\/person\/ff117542a10bad295dfa2b77f4707c1e\"},\"potentialAction\":[{\"@type\":\"SearchAction\",\"target\":{\"@type\":\"EntryPoint\",\"urlTemplate\":\"https:\/\/www.varloteaux.org\/pva\/?s={search_term_string}\"},\"query-input\":{\"@type\":\"PropertyValueSpecification\",\"valueRequired\":true,\"valueName\":\"search_term_string\"}}],\"inLanguage\":\"fr-FR\"},{\"@type\":[\"Person\",\"Organization\"],\"@id\":\"https:\/\/www.varloteaux.org\/pva\/#\/schema\/person\/ff117542a10bad295dfa2b77f4707c1e\",\"name\":\"pierre.varloteaux\",\"image\":{\"@type\":\"ImageObject\",\"inLanguage\":\"fr-FR\",\"@id\":\"https:\/\/www.varloteaux.org\/pva\/#\/schema\/person\/image\/\",\"url\":\"http:\/\/www.varloteaux.org\/pva\/wp-content\/uploads\/2022\/03\/pva-droite-black.png\",\"contentUrl\":\"http:\/\/www.varloteaux.org\/pva\/wp-content\/uploads\/2022\/03\/pva-droite-black.png\",\"width\":1688,\"height\":2000,\"caption\":\"pierre.varloteaux\"},\"logo\":{\"@id\":\"https:\/\/www.varloteaux.org\/pva\/#\/schema\/person\/image\/\"},\"sameAs\":[\"http:\/\/www.varloteaux.org\/pva\"]}]}<\/script>\n<!-- \/ Yoast SEO plugin. -->","yoast_head_json":{"title":"A propos - En texte - Pierre Varloteaux Aerobatics","robots":{"index":"index","follow":"follow","max-snippet":"max-snippet:-1","max-image-preview":"max-image-preview:large","max-video-preview":"max-video-preview:-1"},"canonical":"https:\/\/www.varloteaux.org\/pva\/a-propos\/a-propos-en-texte\/","og_locale":"fr_FR","og_type":"article","og_title":"A propos - En texte - Pierre Varloteaux Aerobatics","og_description":"PIERRE VARLOTEAUX &nbsp;Dipl\u00f4mes a\u00e9ronautiquesBrevet militaire de pilote de chasse CPL, ATPL th\u00e9orique, FI, FCL 800, BFV 3 FCL 905 (instruction\/d\u00e9livrance FCL 800) DEFVA (instruction\/d\u00e9livrance BFV 1, 2, 3) FCL 55 (Anglais) Exp\u00e9rience en voltige 2001 : Pilote \u00e0 l\u2019\u00c9quipe de Voltige de l\u2019Arm\u00e9e de l\u2019Air 2002 : M\u00e9daille d\u2019or \u00e0 la Coupe Desavois Sud. Champion&hellip; Read more","og_url":"https:\/\/www.varloteaux.org\/pva\/a-propos\/a-propos-en-texte\/","og_site_name":"Pierre Varloteaux Aerobatics","article_modified_time":"2022-12-28T18:16:29+00:00","og_image":[{"url":"http:\/\/www.varloteaux.org\/pva\/wp-content\/uploads\/2020\/05\/varloteaux_pierre_13.jpg","type":"","width":"","height":""}],"twitter_card":"summary_large_image","twitter_misc":{"Dur\u00e9e de lecture estim\u00e9e":"3 minutes"},"schema":{"@context":"https:\/\/schema.org","@graph":[{"@type":"WebPage","@id":"https:\/\/www.varloteaux.org\/pva\/a-propos\/a-propos-en-texte\/","url":"https:\/\/www.varloteaux.org\/pva\/a-propos\/a-propos-en-texte\/","name":"A propos - En texte - Pierre Varloteaux Aerobatics","isPartOf":{"@id":"https:\/\/www.varloteaux.org\/pva\/#website"},"primaryImageOfPage":{"@id":"https:\/\/www.varloteaux.org\/pva\/a-propos\/a-propos-en-texte\/#primaryimage"},"image":{"@id":"https:\/\/www.varloteaux.org\/pva\/a-propos\/a-propos-en-texte\/#primaryimage"},"thumbnailUrl":"http:\/\/www.varloteaux.org\/pva\/wp-content\/uploads\/2020\/05\/varloteaux_pierre_13.jpg","datePublished":"2020-05-16T10:42:18+00:00","dateModified":"2022-12-28T18:16:29+00:00","breadcrumb":{"@id":"https:\/\/www.varloteaux.org\/pva\/a-propos\/a-propos-en-texte\/#breadcrumb"},"inLanguage":"fr-FR","potentialAction":[{"@type":"ReadAction","target":["https:\/\/www.varloteaux.org\/pva\/a-propos\/a-propos-en-texte\/"]}]},{"@type":"ImageObject","inLanguage":"fr-FR","@id":"https:\/\/www.varloteaux.org\/pva\/a-propos\/a-propos-en-texte\/#primaryimage","url":"http:\/\/www.varloteaux.org\/pva\/wp-content\/uploads\/2020\/05\/varloteaux_pierre_13.jpg","contentUrl":"http:\/\/www.varloteaux.org\/pva\/wp-content\/uploads\/2020\/05\/varloteaux_pierre_13.jpg","width":1024,"height":683},{"@type":"BreadcrumbList","@id":"https:\/\/www.varloteaux.org\/pva\/a-propos\/a-propos-en-texte\/#breadcrumb","itemListElement":[{"@type":"ListItem","position":1,"name":"Accueil","item":"https:\/\/www.varloteaux.org\/pva\/"},{"@type":"ListItem","position":2,"name":"A propos","item":"https:\/\/www.varloteaux.org\/pva\/a-propos\/"},{"@type":"ListItem","position":3,"name":"A propos &#8211; En texte"}]},{"@type":"WebSite","@id":"https:\/\/www.varloteaux.org\/pva\/#website","url":"https:\/\/www.varloteaux.org\/pva\/","name":"Pierre Varloteaux Aerobatics","description":"Enjoy the magic world of aeroatics","publisher":{"@id":"https:\/\/www.varloteaux.org\/pva\/#\/schema\/person\/ff117542a10bad295dfa2b77f4707c1e"},"potentialAction":[{"@type":"SearchAction","target":{"@type":"EntryPoint","urlTemplate":"https:\/\/www.varloteaux.org\/pva\/?s={search_term_string}"},"query-input":{"@type":"PropertyValueSpecification","valueRequired":true,"valueName":"search_term_string"}}],"inLanguage":"fr-FR"},{"@type":["Person","Organization"],"@id":"https:\/\/www.varloteaux.org\/pva\/#\/schema\/person\/ff117542a10bad295dfa2b77f4707c1e","name":"pierre.varloteaux","image":{"@type":"ImageObject","inLanguage":"fr-FR","@id":"https:\/\/www.varloteaux.org\/pva\/#\/schema\/person\/image\/","url":"http:\/\/www.varloteaux.org\/pva\/wp-content\/uploads\/2022\/03\/pva-droite-black.png","contentUrl":"http:\/\/www.varloteaux.org\/pva\/wp-content\/uploads\/2022\/03\/pva-droite-black.png","width":1688,"height":2000,"caption":"pierre.varloteaux"},"logo":{"@id":"https:\/\/www.varloteaux.org\/pva\/#\/schema\/person\/image\/"},"sameAs":["http:\/\/www.varloteaux.org\/pva"]}]}},"_links":{"self":[{"href":"http:\/\/www.varloteaux.org\/pva\/wp-json\/wp\/v2\/pages\/866","targetHints":{"allow":["GET"]}}],"collection":[{"href":"http:\/\/www.varloteaux.org\/pva\/wp-json\/wp\/v2\/pages"}],"about":[{"href":"http:\/\/www.varloteaux.org\/pva\/wp-json\/wp\/v2\/types\/page"}],"author":[{"embeddable":true,"href":"http:\/\/www.varloteaux.org\/pva\/wp-json\/wp\/v2\/users\/1"}],"replies":[{"embeddable":true,"href":"http:\/\/www.varloteaux.org\/pva\/wp-json\/wp\/v2\/comments?post=866"}],"version-history":[{"count":4,"href":"http:\/\/www.varloteaux.org\/pva\/wp-json\/wp\/v2\/pages\/866\/revisions"}],"predecessor-version":[{"id":10882,"href":"http:\/\/www.varloteaux.org\/pva\/wp-json\/wp\/v2\/pages\/866\/revisions\/10882"}],"up":[{"embeddable":true,"href":"http:\/\/www.varloteaux.org\/pva\/wp-json\/wp\/v2\/pages\/197"}],"wp:attachment":[{"href":"http:\/\/www.varloteaux.org\/pva\/wp-json\/wp\/v2\/media?parent=866"}],"curies":[{"name":"wp","href":"https:\/\/api.w.org\/{rel}","templated":true}]}}