{"id":858,"date":"2020-05-16T12:39:01","date_gmt":"2020-05-16T10:39:01","guid":{"rendered":"http:\/\/www.varloteaux.org\/pva\/?page_id=858"},"modified":"2021-10-13T10:33:46","modified_gmt":"2021-10-13T08:33:46","slug":"voltige-general-information-eng","status":"publish","type":"page","link":"http:\/\/www.varloteaux.org\/pva\/la-voltige\/voltige-general-information-eng\/","title":{"rendered":"La voltige a\u00e9rienne &#8211; G\u00e9n\u00e9ralit\u00e9s"},"content":{"rendered":"<div data-label=\"Content\" data-id=\"content--1\" data-export-id=\"content-7\" data-category=\"content\" class=\"content-7 content-section content-section-spacing\" id=\"content-1\"  style=\"background-color: rgb(255, 255, 255);\"><div class=\"gridContainer\" > <div class=\"row middle-sm\" ><div class=\"col-sm-6 space-bottom-xs content-center-sm\" data-type=\"column\" > <h2 class=\"\" >Une discipline sportive l\u00e9gale et r\u00e9glement\u00e9e<\/h2> <p class=\"\"  style=\"text-align: justify;\">La voltige a\u00e9rienne est une discipline sportive encadr\u00e9e en France par la F\u00e9d\u00e9ration Fran\u00e7aise A\u00e9ronautique (FFA) et par la Direction G\u00e9n\u00e9rale de l\u2019Aviation Civile (DGAC). Ce sport est r\u00e9glement\u00e9 au niveau mondial par la Commission Internationale pour la Voltige A\u00e9rienne (CIVA).\n<br ><br >Tous les pilotes doivent passer et renouveler leurs licences, qui sont r\u00e9guli\u00e8rement contr\u00f4l\u00e9es par la DGAC.<\/p> <\/div> <div class=\"col-sm-6 content-center-sm\" data-type=\"column\" > <img decoding=\"async\" class=\"shadow-large\" src=\"http:\/\/www.varloteaux.org\/pva\/wp-content\/uploads\/2020\/05\/stages_pva_2018_04.jpg\"  alt=\"\" title=\"stages_pva_2018_04\"><\/div> <\/div><\/div> <\/div><div data-label=\"Content\" data-id=\"content--2\" data-export-id=\"content-8\" data-category=\"content\" class=\"content-8 content-section content-section-spacing\" id=\"content-2\"  style=\"background-color: rgb(245, 250, 253);\"><div class=\"gridContainer\" > <div class=\"row middle-sm\" ><div class=\"col-sm-6 space-bottom-xs space-top-xs content-center-sm\" data-type=\"column\" > <img decoding=\"async\" class=\"shadow-large\" src=\"http:\/\/www.varloteaux.org\/pva\/wp-content\/uploads\/2020\/05\/stages_pva_2018_17.jpg\"  alt=\"\" title=\"stages_pva_2018_17\"><\/div> <div class=\"col-sm-6 content-center-sm\" data-type=\"column\" ><h2 class=\"\" >Une progression encadr\u00e9e<\/h2> <p class=\"\"  style=\"text-align: justify;\">La FFA a depuis de nombreuses ann\u00e9es mis en place une politique rigoureuse de progression et de participation aux comp\u00e9titions, permettant ainsi un apprentissage en toute s\u00e9curit\u00e9. La technicit\u00e9 des pilotes fran\u00e7ais est reconnue dans le monde entier.\n<br ><br >Ainsi, pas moins de 6 niveaux diff\u00e9rents sont \u00e0 atteindre avant d\u2019acc\u00e9der au plus haut niveau. Chaque passage au niveau sup\u00e9rieur est valid\u00e9 par un coll\u00e8ge de juges.\nLes instructeurs et les entraineurs doivent \u00e9galement obtenir une validation de comp\u00e9tence pour encadrer cette activit\u00e9.<\/p> <\/div> <\/div><\/div> <\/div><div data-label=\"Overlappable\" data-id=\"overlappable--1\" data-export-id=\"overlappable-3\" data-category=\"overlappable\" class=\"overlappable-3 content-section content-section-spacing\" data-overlap=\"true\" id=\"overlappable-1\"  style=\"background-color: rgb(255, 255, 255);\"><div class=\"gridContainer\" > <div class=\"row bg-color-white shadow-medium\" ><div class=\"col-xs-12 col-sm-6 image-col first-image-col\" data-bg=\"image\"  style=\"background-image: url(&quot;http:\/\/www.varloteaux.org\/pva\/wp-content\/uploads\/2020\/05\/cropped-stages_pva_2018_20-1.jpg&quot;);\"><\/div> <div class=\"col-xs-12 col-sm-6 content-col col-padding col-padding-xs\" > <div class=\"col-padding\" data-type=\"column\" > <h4 class=\"\"  style=\"text-align: center;\">Les entrainement<\/h4> <p class=\"\"  style=\"text-align: justify;\">Les vols d\u2019entrainement se d\u00e9roulent obligatoirement au-dessus d\u2019axes publi\u00e9s par la DGAC. Ils sont g\u00e9r\u00e9s en local par les responsables d\u2019a\u00e9rodrome ou un r\u00e9f\u00e9rant \u201caxe voltige\u201d, qui autorisent sous conditions (demandes pr\u00e9alables, compatibilit\u00e9s avec d\u2019autres activit\u00e9s a\u00e9ronautiques, horaires, etc.) les entra\u00eenements.\n<br ><br >Les vols se d\u00e9roulent la plupart du temps sous la surveillance d\u2019un entraineur, qui contr\u00f4le, instruit et d\u00e9briefe le pilote en vol \u00e0 l\u2019aide d\u2019une radio. Il peut \u00e0 tout moment faire interrompre le vol si la s\u00e9curit\u00e9 est engag\u00e9e, notamment en veillant \u00e0 ce que les altitudes d\u2019entr\u00e9e et de sortie des figures soient conformes. En fonction du niveau, les altitudes minimales sont fix\u00e9es \u00e0 100, 200 ou 300 m\u00e8tres.\n<br ><br >Le volume d\u2019\u00e9volution, appel\u00e9 \u201cbox\u201d, est un cube de 1000 m\u00e8tres de c\u00f4t\u00e9. En comp\u00e9tition, des p\u00e9nalit\u00e9s sont appliqu\u00e9es si le pilote sort de ce volume. Si l\u2019altitude minimale est franchie, le pilote peut \u00eatre disqualifi\u00e9. Des manoeuvres peuvent toutefois \u00eatre effectu\u00e9es \u00e0 l\u2019ext\u00e9rieur du box pour y entrer avec certains param\u00e8tres d\u2019altitude et de vitesse.<\/p> <\/div> <\/div><\/div> <div class=\"row bg-color-white shadow-medium\" ><div class=\"col-xs-12 col-sm-6 content-col col-padding col-padding-xs\" > <div class=\"col-padding\" data-type=\"column\" ><h4 class=\"\"  style=\"text-align: center;\">Les comp\u00e9titions<\/h4> <p class=\"\"  style=\"text-align: justify;\">Les comp\u00e9titions se d\u00e9roulent sous la direction d\u2019un directeur de comp\u00e9tition, assist\u00e9 d\u2019un directeur des vols et d\u2019un pilote de s\u00e9curit\u00e9, qui peuvent interrompre les vols \u00e0 tout moment.\n<br ><br >Les \u00e9preuves sont not\u00e9es par un coll\u00e8ge de juges (entre 5 et 10 juges, plus des assistants et des secr\u00e9taires), eux-m\u00eames sous la responsabilit\u00e9 d\u2019un chef-juge. De plus, un Jury s\u2019assure du bon respect du r\u00e8glement par le directeur de comp\u00e9tition.<\/p> <\/div> <\/div> <div class=\"col-xs-12 col-sm-6 image-col second-image-col first-xs last-sm\" data-bg=\"image\"  style=\"background-image: url(&quot;http:\/\/www.varloteaux.org\/pva\/wp-content\/uploads\/2020\/05\/cropped-201908_WAC-Cha\u0302teauroux-083.jpg&quot;);\"><\/div> <\/div><\/div> <\/div><div data-label=\"Content\" data-id=\"content--3\" data-export-id=\"content-8\" data-category=\"content\" class=\"content-8 content-section content-section-spacing\" id=\"content-3\"  style=\"background-color: rgb(245, 250, 253);\"><div class=\"gridContainer\" > <div class=\"row middle-sm\" ><div class=\"col-sm-6 space-bottom-xs space-top-xs content-center-sm\" data-type=\"column\" > <img decoding=\"async\" class=\"shadow-large\" src=\"http:\/\/www.varloteaux.org\/pva\/wp-content\/uploads\/2020\/05\/cropped-stages_pva_2018_02.jpg\"  alt=\"\" title=\"cropped-stages_pva_2018_02.jpg\"><\/div> <div class=\"col-sm-6 content-center-sm\" data-type=\"column\" ><h2 class=\"\" >Les avions<\/h2> <p class=\"\"  style=\"text-align: justify;\">Les avions utilis\u00e9s, certifi\u00e9s aptes \u00e0 la voltige d\u00e8s la construction, doivent suivre les prescriptions d\u2019entretien \u00e9tablies par l\u2019European Aviation Safety Agency. Des visites pr\u00e9ventives obligatoires sont effectu\u00e9es au minimum toutes les 25 heures d\u2019utilisation.\n<br ><br >Chaque avion est de plus contr\u00f4l\u00e9 annuellement par un organisme qui renouvelle les certificats de navigabilit\u00e9, ainsi que le certificat de nuisances sonores.<\/p> <\/div> <\/div><\/div> <\/div>","protected":false},"excerpt":{"rendered":"<p>Une discipline sportive l\u00e9gale et r\u00e9glement\u00e9e La voltige a\u00e9rienne est une discipline sportive encadr\u00e9e en France par la F\u00e9d\u00e9ration Fran\u00e7aise A\u00e9ronautique (FFA) et par la Direction G\u00e9n\u00e9rale de l\u2019Aviation Civile (DGAC). Ce sport est r\u00e9glement\u00e9 au niveau mondial par la Commission Internationale pour la Voltige A\u00e9rienne (CIVA). Tous les pilotes doivent passer et renouveler leurs&hellip; <br \/> <a class=\"read-more\" href=\"http:\/\/www.varloteaux.org\/pva\/la-voltige\/voltige-general-information-eng\/\">Read more<\/a><\/p>\n","protected":false},"author":1,"featured_media":0,"parent":856,"menu_order":0,"comment_status":"closed","ping_status":"closed","template":"","meta":{"footnotes":""},"class_list":["post-858","page","type-page","status-publish","hentry"],"yoast_head":"<!-- This site is optimized with the Yoast SEO plugin v25.6 - https:\/\/yoast.com\/wordpress\/plugins\/seo\/ -->\n<title>La voltige a\u00e9rienne - G\u00e9n\u00e9ralit\u00e9s - Pierre Varloteaux Aerobatics<\/title>\n<meta name=\"robots\" content=\"index, follow, max-snippet:-1, max-image-preview:large, max-video-preview:-1\" \/>\n<link rel=\"canonical\" href=\"http:\/\/www.varloteaux.org\/pva\/la-voltige\/voltige-general-information-eng\/\" \/>\n<meta property=\"og:locale\" content=\"fr_FR\" \/>\n<meta property=\"og:type\" content=\"article\" \/>\n<meta property=\"og:title\" content=\"La voltige a\u00e9rienne - G\u00e9n\u00e9ralit\u00e9s - Pierre Varloteaux Aerobatics\" \/>\n<meta property=\"og:description\" content=\"Une discipline sportive l\u00e9gale et r\u00e9glement\u00e9e La voltige a\u00e9rienne est une discipline sportive encadr\u00e9e en France par la F\u00e9d\u00e9ration Fran\u00e7aise A\u00e9ronautique (FFA) et par la Direction G\u00e9n\u00e9rale de l\u2019Aviation Civile (DGAC). Ce sport est r\u00e9glement\u00e9 au niveau mondial par la Commission Internationale pour la Voltige A\u00e9rienne (CIVA). Tous les pilotes doivent passer et renouveler leurs&hellip; Read more\" \/>\n<meta property=\"og:url\" content=\"http:\/\/www.varloteaux.org\/pva\/la-voltige\/voltige-general-information-eng\/\" \/>\n<meta property=\"og:site_name\" content=\"Pierre Varloteaux Aerobatics\" \/>\n<meta property=\"article:modified_time\" content=\"2021-10-13T08:33:46+00:00\" \/>\n<meta property=\"og:image\" content=\"http:\/\/www.varloteaux.org\/pva\/wp-content\/uploads\/2020\/05\/stages_pva_2018_04.jpg\" \/>\n<meta name=\"twitter:card\" content=\"summary_large_image\" \/>\n<meta name=\"twitter:label1\" content=\"Dur\u00e9e de lecture estim\u00e9e\" \/>\n\t<meta name=\"twitter:data1\" content=\"3 minutes\" \/>\n<script type=\"application\/ld+json\" class=\"yoast-schema-graph\">{\"@context\":\"https:\/\/schema.org\",\"@graph\":[{\"@type\":\"WebPage\",\"@id\":\"http:\/\/www.varloteaux.org\/pva\/la-voltige\/voltige-general-information-eng\/\",\"url\":\"http:\/\/www.varloteaux.org\/pva\/la-voltige\/voltige-general-information-eng\/\",\"name\":\"La voltige a\u00e9rienne - G\u00e9n\u00e9ralit\u00e9s - Pierre Varloteaux Aerobatics\",\"isPartOf\":{\"@id\":\"https:\/\/www.varloteaux.org\/pva\/#website\"},\"primaryImageOfPage\":{\"@id\":\"http:\/\/www.varloteaux.org\/pva\/la-voltige\/voltige-general-information-eng\/#primaryimage\"},\"image\":{\"@id\":\"http:\/\/www.varloteaux.org\/pva\/la-voltige\/voltige-general-information-eng\/#primaryimage\"},\"thumbnailUrl\":\"http:\/\/www.varloteaux.org\/pva\/wp-content\/uploads\/2020\/05\/stages_pva_2018_04.jpg\",\"datePublished\":\"2020-05-16T10:39:01+00:00\",\"dateModified\":\"2021-10-13T08:33:46+00:00\",\"breadcrumb\":{\"@id\":\"http:\/\/www.varloteaux.org\/pva\/la-voltige\/voltige-general-information-eng\/#breadcrumb\"},\"inLanguage\":\"fr-FR\",\"potentialAction\":[{\"@type\":\"ReadAction\",\"target\":[\"http:\/\/www.varloteaux.org\/pva\/la-voltige\/voltige-general-information-eng\/\"]}]},{\"@type\":\"ImageObject\",\"inLanguage\":\"fr-FR\",\"@id\":\"http:\/\/www.varloteaux.org\/pva\/la-voltige\/voltige-general-information-eng\/#primaryimage\",\"url\":\"http:\/\/www.varloteaux.org\/pva\/wp-content\/uploads\/2020\/05\/stages_pva_2018_04.jpg\",\"contentUrl\":\"http:\/\/www.varloteaux.org\/pva\/wp-content\/uploads\/2020\/05\/stages_pva_2018_04.jpg\",\"width\":1024,\"height\":683},{\"@type\":\"BreadcrumbList\",\"@id\":\"http:\/\/www.varloteaux.org\/pva\/la-voltige\/voltige-general-information-eng\/#breadcrumb\",\"itemListElement\":[{\"@type\":\"ListItem\",\"position\":1,\"name\":\"Accueil\",\"item\":\"https:\/\/www.varloteaux.org\/pva\/\"},{\"@type\":\"ListItem\",\"position\":2,\"name\":\"La Voltige\",\"item\":\"http:\/\/www.varloteaux.org\/pva\/la-voltige\/\"},{\"@type\":\"ListItem\",\"position\":3,\"name\":\"La voltige a\u00e9rienne &#8211; G\u00e9n\u00e9ralit\u00e9s\"}]},{\"@type\":\"WebSite\",\"@id\":\"https:\/\/www.varloteaux.org\/pva\/#website\",\"url\":\"https:\/\/www.varloteaux.org\/pva\/\",\"name\":\"Pierre Varloteaux Aerobatics\",\"description\":\"Enjoy the magic world of aeroatics\",\"publisher\":{\"@id\":\"https:\/\/www.varloteaux.org\/pva\/#\/schema\/person\/ff117542a10bad295dfa2b77f4707c1e\"},\"potentialAction\":[{\"@type\":\"SearchAction\",\"target\":{\"@type\":\"EntryPoint\",\"urlTemplate\":\"https:\/\/www.varloteaux.org\/pva\/?s={search_term_string}\"},\"query-input\":{\"@type\":\"PropertyValueSpecification\",\"valueRequired\":true,\"valueName\":\"search_term_string\"}}],\"inLanguage\":\"fr-FR\"},{\"@type\":[\"Person\",\"Organization\"],\"@id\":\"https:\/\/www.varloteaux.org\/pva\/#\/schema\/person\/ff117542a10bad295dfa2b77f4707c1e\",\"name\":\"pierre.varloteaux\",\"image\":{\"@type\":\"ImageObject\",\"inLanguage\":\"fr-FR\",\"@id\":\"https:\/\/www.varloteaux.org\/pva\/#\/schema\/person\/image\/\",\"url\":\"http:\/\/www.varloteaux.org\/pva\/wp-content\/uploads\/2022\/03\/pva-droite-black.png\",\"contentUrl\":\"http:\/\/www.varloteaux.org\/pva\/wp-content\/uploads\/2022\/03\/pva-droite-black.png\",\"width\":1688,\"height\":2000,\"caption\":\"pierre.varloteaux\"},\"logo\":{\"@id\":\"https:\/\/www.varloteaux.org\/pva\/#\/schema\/person\/image\/\"},\"sameAs\":[\"http:\/\/www.varloteaux.org\/pva\"]}]}<\/script>\n<!-- \/ Yoast SEO plugin. -->","yoast_head_json":{"title":"La voltige a\u00e9rienne - G\u00e9n\u00e9ralit\u00e9s - Pierre Varloteaux Aerobatics","robots":{"index":"index","follow":"follow","max-snippet":"max-snippet:-1","max-image-preview":"max-image-preview:large","max-video-preview":"max-video-preview:-1"},"canonical":"http:\/\/www.varloteaux.org\/pva\/la-voltige\/voltige-general-information-eng\/","og_locale":"fr_FR","og_type":"article","og_title":"La voltige a\u00e9rienne - G\u00e9n\u00e9ralit\u00e9s - Pierre Varloteaux Aerobatics","og_description":"Une discipline sportive l\u00e9gale et r\u00e9glement\u00e9e La voltige a\u00e9rienne est une discipline sportive encadr\u00e9e en France par la F\u00e9d\u00e9ration Fran\u00e7aise A\u00e9ronautique (FFA) et par la Direction G\u00e9n\u00e9rale de l\u2019Aviation Civile (DGAC). Ce sport est r\u00e9glement\u00e9 au niveau mondial par la Commission Internationale pour la Voltige A\u00e9rienne (CIVA). Tous les pilotes doivent passer et renouveler leurs&hellip; Read more","og_url":"http:\/\/www.varloteaux.org\/pva\/la-voltige\/voltige-general-information-eng\/","og_site_name":"Pierre Varloteaux Aerobatics","article_modified_time":"2021-10-13T08:33:46+00:00","og_image":[{"url":"http:\/\/www.varloteaux.org\/pva\/wp-content\/uploads\/2020\/05\/stages_pva_2018_04.jpg","type":"","width":"","height":""}],"twitter_card":"summary_large_image","twitter_misc":{"Dur\u00e9e de lecture estim\u00e9e":"3 minutes"},"schema":{"@context":"https:\/\/schema.org","@graph":[{"@type":"WebPage","@id":"http:\/\/www.varloteaux.org\/pva\/la-voltige\/voltige-general-information-eng\/","url":"http:\/\/www.varloteaux.org\/pva\/la-voltige\/voltige-general-information-eng\/","name":"La voltige a\u00e9rienne - G\u00e9n\u00e9ralit\u00e9s - Pierre Varloteaux Aerobatics","isPartOf":{"@id":"https:\/\/www.varloteaux.org\/pva\/#website"},"primaryImageOfPage":{"@id":"http:\/\/www.varloteaux.org\/pva\/la-voltige\/voltige-general-information-eng\/#primaryimage"},"image":{"@id":"http:\/\/www.varloteaux.org\/pva\/la-voltige\/voltige-general-information-eng\/#primaryimage"},"thumbnailUrl":"http:\/\/www.varloteaux.org\/pva\/wp-content\/uploads\/2020\/05\/stages_pva_2018_04.jpg","datePublished":"2020-05-16T10:39:01+00:00","dateModified":"2021-10-13T08:33:46+00:00","breadcrumb":{"@id":"http:\/\/www.varloteaux.org\/pva\/la-voltige\/voltige-general-information-eng\/#breadcrumb"},"inLanguage":"fr-FR","potentialAction":[{"@type":"ReadAction","target":["http:\/\/www.varloteaux.org\/pva\/la-voltige\/voltige-general-information-eng\/"]}]},{"@type":"ImageObject","inLanguage":"fr-FR","@id":"http:\/\/www.varloteaux.org\/pva\/la-voltige\/voltige-general-information-eng\/#primaryimage","url":"http:\/\/www.varloteaux.org\/pva\/wp-content\/uploads\/2020\/05\/stages_pva_2018_04.jpg","contentUrl":"http:\/\/www.varloteaux.org\/pva\/wp-content\/uploads\/2020\/05\/stages_pva_2018_04.jpg","width":1024,"height":683},{"@type":"BreadcrumbList","@id":"http:\/\/www.varloteaux.org\/pva\/la-voltige\/voltige-general-information-eng\/#breadcrumb","itemListElement":[{"@type":"ListItem","position":1,"name":"Accueil","item":"https:\/\/www.varloteaux.org\/pva\/"},{"@type":"ListItem","position":2,"name":"La Voltige","item":"http:\/\/www.varloteaux.org\/pva\/la-voltige\/"},{"@type":"ListItem","position":3,"name":"La voltige a\u00e9rienne &#8211; G\u00e9n\u00e9ralit\u00e9s"}]},{"@type":"WebSite","@id":"https:\/\/www.varloteaux.org\/pva\/#website","url":"https:\/\/www.varloteaux.org\/pva\/","name":"Pierre Varloteaux Aerobatics","description":"Enjoy the magic world of aeroatics","publisher":{"@id":"https:\/\/www.varloteaux.org\/pva\/#\/schema\/person\/ff117542a10bad295dfa2b77f4707c1e"},"potentialAction":[{"@type":"SearchAction","target":{"@type":"EntryPoint","urlTemplate":"https:\/\/www.varloteaux.org\/pva\/?s={search_term_string}"},"query-input":{"@type":"PropertyValueSpecification","valueRequired":true,"valueName":"search_term_string"}}],"inLanguage":"fr-FR"},{"@type":["Person","Organization"],"@id":"https:\/\/www.varloteaux.org\/pva\/#\/schema\/person\/ff117542a10bad295dfa2b77f4707c1e","name":"pierre.varloteaux","image":{"@type":"ImageObject","inLanguage":"fr-FR","@id":"https:\/\/www.varloteaux.org\/pva\/#\/schema\/person\/image\/","url":"http:\/\/www.varloteaux.org\/pva\/wp-content\/uploads\/2022\/03\/pva-droite-black.png","contentUrl":"http:\/\/www.varloteaux.org\/pva\/wp-content\/uploads\/2022\/03\/pva-droite-black.png","width":1688,"height":2000,"caption":"pierre.varloteaux"},"logo":{"@id":"https:\/\/www.varloteaux.org\/pva\/#\/schema\/person\/image\/"},"sameAs":["http:\/\/www.varloteaux.org\/pva"]}]}},"_links":{"self":[{"href":"http:\/\/www.varloteaux.org\/pva\/wp-json\/wp\/v2\/pages\/858","targetHints":{"allow":["GET"]}}],"collection":[{"href":"http:\/\/www.varloteaux.org\/pva\/wp-json\/wp\/v2\/pages"}],"about":[{"href":"http:\/\/www.varloteaux.org\/pva\/wp-json\/wp\/v2\/types\/page"}],"author":[{"embeddable":true,"href":"http:\/\/www.varloteaux.org\/pva\/wp-json\/wp\/v2\/users\/1"}],"replies":[{"embeddable":true,"href":"http:\/\/www.varloteaux.org\/pva\/wp-json\/wp\/v2\/comments?post=858"}],"version-history":[{"count":0,"href":"http:\/\/www.varloteaux.org\/pva\/wp-json\/wp\/v2\/pages\/858\/revisions"}],"up":[{"embeddable":true,"href":"http:\/\/www.varloteaux.org\/pva\/wp-json\/wp\/v2\/pages\/856"}],"wp:attachment":[{"href":"http:\/\/www.varloteaux.org\/pva\/wp-json\/wp\/v2\/media?parent=858"}],"curies":[{"name":"wp","href":"https:\/\/api.w.org\/{rel}","templated":true}]}}