{"id":264,"date":"2019-11-26T14:45:41","date_gmt":"2019-11-26T13:45:41","guid":{"rendered":"http:\/\/www.varloteaux.org\/fva\/?page_id=264"},"modified":"2022-01-15T18:06:20","modified_gmt":"2022-01-15T17:06:20","slug":"a-propos","status":"publish","type":"page","link":"http:\/\/www.varloteaux.org\/fva\/a-propos\/","title":{"rendered":"A propos"},"content":{"rendered":"<div  data-label=\"About\" data-id=\"about--1\" data-export-id=\"about-5\" data-category=\"about\" class=\"about-5 content-section content-section-spacing\" id=\"about-1\" style=\"background-color: rgb(255, 255, 255);\"><div  class=\"gridContainer\"> <div  class=\"row middle-sm text-center\"><div  class=\"col-sm-6 space-bottom-xs\" data-type=\"column\">  <img decoding=\"async\"  class=\"custom-image\" src=\"http:\/\/www.varloteaux.org\/fva\/wp-content\/uploads\/2019\/11\/logo-fva-500-centre-1.png\" alt=\"\" title=\"logo-fva-500-centre\"> <p  class=\"\" style=\"text-align: justify;\">Cr\u00e9\u00e9e en 2019 par Romain Fhal et Pierre Varloteaux, la SAS FVA a repris l\u2019activit\u00e9 location d\u2019avions de voltige de la soci\u00e9t\u00e9 LAS de Gilles Lucazeau.<br >\nLa soci\u00e9t\u00e9 FVA met actuellement en \u0153uvre deux Extra 330 SC, l\u2019avion de voltige plusieurs fois champion du Monde depuis 10 ans. Ces avions sont lou\u00e9s \u00e0 des particuliers, des clubs, ou des \u00e9quipes nationales, en France ou \u00e0 l\u2019\u00e9tranger.\n\n<br ><br >La soci\u00e9t\u00e9 FVA a \u00e9t\u00e9 soutenue d\u00e8s le d\u00e9but par Airpull Aviation Academy<\/p> <\/div> <div  class=\"col-sm-6 flexbox image-group-right-2 around-xs top-xs space-bottom-xs\"><div  class=\"left-el\"> <img decoding=\"async\"  class=\"shadow-large\" data-size=\"300x430\" src=\"http:\/\/www.varloteaux.org\/fva\/wp-content\/uploads\/2019\/11\/cropped-pierre-portrait-2-0-scaled-1.jpg\" alt=\"\" title=\"cropped-pierre-portrait-2-0-scaled-1.jpg\"><\/div> <div  class=\"right-el\"> <img decoding=\"async\"  class=\"shadow-large\" data-size=\"300x430\" src=\"http:\/\/www.varloteaux.org\/fva\/wp-content\/uploads\/2019\/11\/cropped-fhal-2-2.jpg\" alt=\"\" title=\"cropped-fhal-2-2.jpg\"><\/div> <div  class=\"center-overlay inner-shadow border-large\"><\/div><\/div> <\/div><\/div> <\/div><div  data-label=\"Content\" data-id=\"content--1\" data-export-id=\"content-8\" data-category=\"content\" class=\"content-8 content-section content-section-spacing white-text content-relative\" id=\"content-1\" style=\"background-color: rgb(255, 255, 255); background-image: url(&quot;http:\/\/www.varloteaux.org\/fva\/wp-content\/uploads\/2019\/11\/201908_Photo-avions-FVA-095.jpg&quot;); background-size: cover; background-position: center top;\" data-section-ov=\"1\"><div  class=\"section-separator-top\">\n    <svg  xmlns=\"http:\/\/www.w3.org\/2000\/svg\" viewBox=\"0 0 2600 131.1\" preserveAspectRatio=\"none\" data-separator-name=\"opacity-tilt\" class=\"section-separator-top\">\n\t<path  class=\"svg-white-bg\" d=\"M0 0L2600 0 2600 69.1 0 0z\"><\/path>\n\t<path  class=\"svg-white-bg\" style=\"opacity: 0.5;\" d=\"M0 0L2600 0 2600 69.1 0 69.1z\"><\/path>\n\t<path  class=\"svg-white-bg\" style=\"opacity: 0.25;\" d=\"M2600 0L0 0 0 130.1 2600 69.1z\"><\/path>\n<\/svg>\n<\/div><div  class=\"gridContainer\"> <div  class=\"row middle-sm\"><div  class=\"col-sm-6 space-bottom-xs space-top-xs\" data-type=\"column\"> <img decoding=\"async\"  class=\"shadow-large\" src=\"http:\/\/www.varloteaux.org\/fva\/wp-content\/uploads\/2019\/11\/201908_WAC-Cha\u0302teauroux-093-1.jpg\" alt=\"\" title=\"201908_WAC Cha\u0302teauroux - 093\"><\/div> <div  class=\"col-sm-6\" data-type=\"column\"> <p  class=\"\"><span  style=\"font-weight: 700;\">Soci\u00e9t\u00e9: FVA \u2013 Fhal Varloteaux Aircraft<\/span><br >\nType: SAS \u2013 Soci\u00e9t\u00e9 par Actions Simplifi\u00e9e<br >\nCapital social: 30.000 \u20ac<br >\nAssoci\u00e9s: Pierre Varloteaux (Pr\u00e9sident) et Romain Fhal (DG)<br >\nDomaine: Location d\u2019avion de voltige<br >\nAdresse: 65, impasse des Micocouliers &#8211; 13760 SAINT-CANNAT<br >\nContacts: +33 6 14 49 18 38 \/ fva.aero@gmail.com<br >\nSite Web: www.varloteaux.org\/fva\/<br >\nN\u00b0 SIRET: 85097093000010<br >\nTVA intra-communautaire: FR 66 850970930<\/p> <\/div> <\/div><\/div> <div  class=\"section-separator-bottom\">\n    <svg  xmlns=\"http:\/\/www.w3.org\/2000\/svg\" viewBox=\"0 0 2600 131.1\" preserveAspectRatio=\"none\" data-separator-name=\"opacity-tilt\" class=\"section-separator-top section-separator-bottom\">\n\t<path  class=\"svg-white-bg\" d=\"M0 0L2600 0 2600 69.1 0 0z\"><\/path>\n\t<path  class=\"svg-white-bg\" style=\"opacity: 0.5;\" d=\"M0 0L2600 0 2600 69.1 0 69.1z\"><\/path>\n\t<path  class=\"svg-white-bg\" style=\"opacity: 0.25;\" d=\"M2600 0L0 0 0 130.1 2600 69.1z\"><\/path>\n<\/svg>\n<\/div><\/div>","protected":false},"excerpt":{"rendered":"<p>Cr\u00e9\u00e9e en 2019 par Romain Fhal et Pierre Varloteaux, la SAS FVA a repris l\u2019activit\u00e9 location d\u2019avions de voltige de la soci\u00e9t\u00e9 LAS de Gilles Lucazeau. La soci\u00e9t\u00e9 FVA met actuellement en \u0153uvre deux Extra 330 SC, l\u2019avion de voltige plusieurs fois champion du Monde depuis 10 ans. Ces avions sont lou\u00e9s \u00e0 des particuliers,&hellip; <br \/> <a class=\"read-more\" href=\"http:\/\/www.varloteaux.org\/fva\/a-propos\/\">Lire la suite<\/a><\/p>\n","protected":false},"author":1,"featured_media":0,"parent":0,"menu_order":0,"comment_status":"closed","ping_status":"closed","template":"pro\/page-templates\/full-width-page.php","meta":[],"yoast_head":"<!-- This site is optimized with the Yoast SEO plugin v20.7 - https:\/\/yoast.com\/wordpress\/plugins\/seo\/ -->\n<title>A propos - FHAL VARLOTEAUX AIRCRAFT<\/title>\n<meta name=\"robots\" content=\"index, follow, max-snippet:-1, max-image-preview:large, max-video-preview:-1\" \/>\n<link rel=\"canonical\" href=\"http:\/\/www.varloteaux.org\/fva\/a-propos\/\" \/>\n<meta property=\"og:locale\" content=\"fr_FR\" \/>\n<meta property=\"og:type\" content=\"article\" \/>\n<meta property=\"og:title\" content=\"A propos - FHAL VARLOTEAUX AIRCRAFT\" \/>\n<meta property=\"og:description\" content=\"Cr\u00e9\u00e9e en 2019 par Romain Fhal et Pierre Varloteaux, la SAS FVA a repris l\u2019activit\u00e9 location d\u2019avions de voltige de la soci\u00e9t\u00e9 LAS de Gilles Lucazeau. La soci\u00e9t\u00e9 FVA met actuellement en \u0153uvre deux Extra 330 SC, l\u2019avion de voltige plusieurs fois champion du Monde depuis 10 ans. Ces avions sont lou\u00e9s \u00e0 des particuliers,&hellip; Lire la suite\" \/>\n<meta property=\"og:url\" content=\"http:\/\/www.varloteaux.org\/fva\/a-propos\/\" \/>\n<meta property=\"og:site_name\" content=\"FHAL VARLOTEAUX AIRCRAFT\" \/>\n<meta property=\"article:modified_time\" content=\"2022-01-15T17:06:20+00:00\" \/>\n<meta property=\"og:image\" content=\"http:\/\/www.varloteaux.org\/fva\/wp-content\/uploads\/2019\/11\/logo-fva-500-centre-1.png\" \/>\n<meta name=\"twitter:card\" content=\"summary_large_image\" \/>\n<meta name=\"twitter:label1\" content=\"Dur\u00e9e de lecture estim\u00e9e\" \/>\n\t<meta name=\"twitter:data1\" content=\"1 minute\" \/>\n<script type=\"application\/ld+json\" class=\"yoast-schema-graph\">{\"@context\":\"https:\/\/schema.org\",\"@graph\":[{\"@type\":\"WebPage\",\"@id\":\"http:\/\/www.varloteaux.org\/fva\/a-propos\/\",\"url\":\"http:\/\/www.varloteaux.org\/fva\/a-propos\/\",\"name\":\"A propos - FHAL VARLOTEAUX AIRCRAFT\",\"isPartOf\":{\"@id\":\"http:\/\/www.varloteaux.org\/fva\/#website\"},\"datePublished\":\"2019-11-26T13:45:41+00:00\",\"dateModified\":\"2022-01-15T17:06:20+00:00\",\"breadcrumb\":{\"@id\":\"http:\/\/www.varloteaux.org\/fva\/a-propos\/#breadcrumb\"},\"inLanguage\":\"fr-FR\",\"potentialAction\":[{\"@type\":\"ReadAction\",\"target\":[\"http:\/\/www.varloteaux.org\/fva\/a-propos\/\"]}]},{\"@type\":\"BreadcrumbList\",\"@id\":\"http:\/\/www.varloteaux.org\/fva\/a-propos\/#breadcrumb\",\"itemListElement\":[{\"@type\":\"ListItem\",\"position\":1,\"name\":\"Home\",\"item\":\"http:\/\/www.varloteaux.org\/fva\/\"},{\"@type\":\"ListItem\",\"position\":2,\"name\":\"A propos\"}]},{\"@type\":\"WebSite\",\"@id\":\"http:\/\/www.varloteaux.org\/fva\/#website\",\"url\":\"http:\/\/www.varloteaux.org\/fva\/\",\"name\":\"FHAL VARLOTEAUX AIRCRAFT\",\"description\":\"SOLUTIONS FOR AEROBATICS\",\"potentialAction\":[{\"@type\":\"SearchAction\",\"target\":{\"@type\":\"EntryPoint\",\"urlTemplate\":\"http:\/\/www.varloteaux.org\/fva\/?s={search_term_string}\"},\"query-input\":\"required name=search_term_string\"}],\"inLanguage\":\"fr-FR\"}]}<\/script>\n<!-- \/ Yoast SEO plugin. -->","yoast_head_json":{"title":"A propos - FHAL VARLOTEAUX AIRCRAFT","robots":{"index":"index","follow":"follow","max-snippet":"max-snippet:-1","max-image-preview":"max-image-preview:large","max-video-preview":"max-video-preview:-1"},"canonical":"http:\/\/www.varloteaux.org\/fva\/a-propos\/","og_locale":"fr_FR","og_type":"article","og_title":"A propos - FHAL VARLOTEAUX AIRCRAFT","og_description":"Cr\u00e9\u00e9e en 2019 par Romain Fhal et Pierre Varloteaux, la SAS FVA a repris l\u2019activit\u00e9 location d\u2019avions de voltige de la soci\u00e9t\u00e9 LAS de Gilles Lucazeau. La soci\u00e9t\u00e9 FVA met actuellement en \u0153uvre deux Extra 330 SC, l\u2019avion de voltige plusieurs fois champion du Monde depuis 10 ans. Ces avions sont lou\u00e9s \u00e0 des particuliers,&hellip; Lire la suite","og_url":"http:\/\/www.varloteaux.org\/fva\/a-propos\/","og_site_name":"FHAL VARLOTEAUX AIRCRAFT","article_modified_time":"2022-01-15T17:06:20+00:00","og_image":[{"url":"http:\/\/www.varloteaux.org\/fva\/wp-content\/uploads\/2019\/11\/logo-fva-500-centre-1.png"}],"twitter_card":"summary_large_image","twitter_misc":{"Dur\u00e9e de lecture estim\u00e9e":"1 minute"},"schema":{"@context":"https:\/\/schema.org","@graph":[{"@type":"WebPage","@id":"http:\/\/www.varloteaux.org\/fva\/a-propos\/","url":"http:\/\/www.varloteaux.org\/fva\/a-propos\/","name":"A propos - FHAL VARLOTEAUX AIRCRAFT","isPartOf":{"@id":"http:\/\/www.varloteaux.org\/fva\/#website"},"datePublished":"2019-11-26T13:45:41+00:00","dateModified":"2022-01-15T17:06:20+00:00","breadcrumb":{"@id":"http:\/\/www.varloteaux.org\/fva\/a-propos\/#breadcrumb"},"inLanguage":"fr-FR","potentialAction":[{"@type":"ReadAction","target":["http:\/\/www.varloteaux.org\/fva\/a-propos\/"]}]},{"@type":"BreadcrumbList","@id":"http:\/\/www.varloteaux.org\/fva\/a-propos\/#breadcrumb","itemListElement":[{"@type":"ListItem","position":1,"name":"Home","item":"http:\/\/www.varloteaux.org\/fva\/"},{"@type":"ListItem","position":2,"name":"A propos"}]},{"@type":"WebSite","@id":"http:\/\/www.varloteaux.org\/fva\/#website","url":"http:\/\/www.varloteaux.org\/fva\/","name":"FHAL VARLOTEAUX AIRCRAFT","description":"SOLUTIONS FOR AEROBATICS","potentialAction":[{"@type":"SearchAction","target":{"@type":"EntryPoint","urlTemplate":"http:\/\/www.varloteaux.org\/fva\/?s={search_term_string}"},"query-input":"required name=search_term_string"}],"inLanguage":"fr-FR"}]}},"_links":{"self":[{"href":"http:\/\/www.varloteaux.org\/fva\/wp-json\/wp\/v2\/pages\/264"}],"collection":[{"href":"http:\/\/www.varloteaux.org\/fva\/wp-json\/wp\/v2\/pages"}],"about":[{"href":"http:\/\/www.varloteaux.org\/fva\/wp-json\/wp\/v2\/types\/page"}],"author":[{"embeddable":true,"href":"http:\/\/www.varloteaux.org\/fva\/wp-json\/wp\/v2\/users\/1"}],"replies":[{"embeddable":true,"href":"http:\/\/www.varloteaux.org\/fva\/wp-json\/wp\/v2\/comments?post=264"}],"version-history":[{"count":3,"href":"http:\/\/www.varloteaux.org\/fva\/wp-json\/wp\/v2\/pages\/264\/revisions"}],"predecessor-version":[{"id":856,"href":"http:\/\/www.varloteaux.org\/fva\/wp-json\/wp\/v2\/pages\/264\/revisions\/856"}],"wp:attachment":[{"href":"http:\/\/www.varloteaux.org\/fva\/wp-json\/wp\/v2\/media?parent=264"}],"curies":[{"name":"wp","href":"https:\/\/api.w.org\/{rel}","templated":true}]}}

<div  data-label="About" data-id="about--1" data-export-id="about-5" data-category="about" class="about-5 content-section content-section-spacing" id="about-1" style="background-color: rgb(255, 255, 255);"><div  class="gridContainer"> <div  class="row middle-sm text-center"><div  class="col-sm-6 space-bottom-xs" data-type="column">  <img decoding="async"  class="custom-image" src="http://www.varloteaux.org/fva/wp-content/uploads/2019/11/logo-fva-500-centre-1.png" alt="" title="logo-fva-500-centre"> <p  class="" style="text-align: justify;">Créée en 2019 par Romain Fhal et Pierre Varloteaux, la SAS FVA a repris l’activité location d’avions de voltige de la société LAS de Gilles Lucazeau.<br >
La société FVA met actuellement en œuvre deux Extra 330 SC, l’avion de voltige plusieurs fois champion du Monde depuis 10 ans. Ces avions sont loués à des particuliers, des clubs, ou des équipes nationales, en France ou à l’étranger.

<br ><br >La société FVA a été soutenue dès le début par Airpull Aviation Academy</p> </div> <div  class="col-sm-6 flexbox image-group-right-2 around-xs top-xs space-bottom-xs"><div  class="left-el"> <img decoding="async"  class="shadow-large" data-size="300x430" src="http://www.varloteaux.org/fva/wp-content/uploads/2019/11/cropped-pierre-portrait-2-0-scaled-1.jpg" alt="" title="cropped-pierre-portrait-2-0-scaled-1.jpg"></div> <div  class="right-el"> <img decoding="async"  class="shadow-large" data-size="300x430" src="http://www.varloteaux.org/fva/wp-content/uploads/2019/11/cropped-fhal-2-2.jpg" alt="" title="cropped-fhal-2-2.jpg"></div> <div  class="center-overlay inner-shadow border-large"></div></div> </div></div> </div><div  data-label="Content" data-id="content--1" data-export-id="content-8" data-category="content" class="content-8 content-section content-section-spacing white-text content-relative" id="content-1" style="background-color: rgb(255, 255, 255); background-image: url(&quot;http://www.varloteaux.org/fva/wp-content/uploads/2019/11/201908_Photo-avions-FVA-095.jpg&quot;); background-size: cover; background-position: center top;" data-section-ov="1"><div  class="section-separator-top">
    <svg  xmlns="http://www.w3.org/2000/svg" viewBox="0 0 2600 131.1" preserveAspectRatio="none" data-separator-name="opacity-tilt" class="section-separator-top">
	<path  class="svg-white-bg" d="M0 0L2600 0 2600 69.1 0 0z"></path>
	<path  class="svg-white-bg" style="opacity: 0.5;" d="M0 0L2600 0 2600 69.1 0 69.1z"></path>
	<path  class="svg-white-bg" style="opacity: 0.25;" d="M2600 0L0 0 0 130.1 2600 69.1z"></path>
</svg>
</div><div  class="gridContainer"> <div  class="row middle-sm"><div  class="col-sm-6 space-bottom-xs space-top-xs" data-type="column"> <img decoding="async"  class="shadow-large" src="http://www.varloteaux.org/fva/wp-content/uploads/2019/11/201908_WAC-Châteauroux-093-1.jpg" alt="" title="201908_WAC Châteauroux - 093"></div> <div  class="col-sm-6" data-type="column"> <p  class=""><span  style="font-weight: 700;">Société: FVA – Fhal Varloteaux Aircraft</span><br >
Type: SAS – Société par Actions Simplifiée<br >
Capital social: 30.000 €<br >
Associés: Pierre Varloteaux (Président) et Romain Fhal (DG)<br >
Domaine: Location d’avion de voltige<br >
Adresse: 65, impasse des Micocouliers &#8211; 13760 SAINT-CANNAT<br >
Contacts: +33 6 14 49 18 38 / fva.aero@gmail.com<br >
Site Web: www.varloteaux.org/fva/<br >
N° SIRET: 85097093000010<br >
TVA intra-communautaire: FR 66 850970930</p> </div> </div></div> <div  class="section-separator-bottom">
    <svg  xmlns="http://www.w3.org/2000/svg" viewBox="0 0 2600 131.1" preserveAspectRatio="none" data-separator-name="opacity-tilt" class="section-separator-top section-separator-bottom">
	<path  class="svg-white-bg" d="M0 0L2600 0 2600 69.1 0 0z"></path>
	<path  class="svg-white-bg" style="opacity: 0.5;" d="M0 0L2600 0 2600 69.1 0 69.1z"></path>
	<path  class="svg-white-bg" style="opacity: 0.25;" d="M2600 0L0 0 0 130.1 2600 69.1z"></path>
</svg>
</div></div>

<p>Créée en 2019 par Romain Fhal et Pierre Varloteaux, la SAS FVA a repris l’activité location d’avions de voltige de la société LAS de Gilles Lucazeau. La société FVA met actuellement en œuvre deux Extra 330 SC, l’avion de voltige plusieurs fois champion du Monde depuis 10 ans. Ces avions sont loués à des particuliers,&hellip; <br /> <a class="read-more" href="http://www.varloteaux.org/fva/a-propos/">Lire la suite</a></p>

<!-- This site is optimized with the Yoast SEO plugin v20.7 - https://yoast.com/wordpress/plugins/seo/ -->
<title>A propos - FHAL VARLOTEAUX AIRCRAFT</title>
<meta name="robots" content="index, follow, max-snippet:-1, max-image-preview:large, max-video-preview:-1" />
<link rel="canonical" href="http://www.varloteaux.org/fva/a-propos/" />
<meta property="og:locale" content="fr_FR" />
<meta property="og:type" content="article" />
<meta property="og:title" content="A propos - FHAL VARLOTEAUX AIRCRAFT" />
<meta property="og:description" content="Créée en 2019 par Romain Fhal et Pierre Varloteaux, la SAS FVA a repris l’activité location d’avions de voltige de la société LAS de Gilles Lucazeau. La société FVA met actuellement en œuvre deux Extra 330 SC, l’avion de voltige plusieurs fois champion du Monde depuis 10 ans. Ces avions sont loués à des particuliers,&hellip; Lire la suite" />
<meta property="og:url" content="http://www.varloteaux.org/fva/a-propos/" />
<meta property="og:site_name" content="FHAL VARLOTEAUX AIRCRAFT" />
<meta property="article:modified_time" content="2022-01-15T17:06:20+00:00" />
<meta property="og:image" content="http://www.varloteaux.org/fva/wp-content/uploads/2019/11/logo-fva-500-centre-1.png" />
<meta name="twitter:card" content="summary_large_image" />
<meta name="twitter:label1" content="Durée de lecture estimée" />
	<meta name="twitter:data1" content="1 minute" />
<script type="application/ld+json" class="yoast-schema-graph">{"@context":"https://schema.org","@graph":[{"@type":"WebPage","@id":"http://www.varloteaux.org/fva/a-propos/","url":"http://www.varloteaux.org/fva/a-propos/","name":"A propos - FHAL VARLOTEAUX AIRCRAFT","isPartOf":{"@id":"http://www.varloteaux.org/fva/#website"},"datePublished":"2019-11-26T13:45:41+00:00","dateModified":"2022-01-15T17:06:20+00:00","breadcrumb":{"@id":"http://www.varloteaux.org/fva/a-propos/#breadcrumb"},"inLanguage":"fr-FR","potentialAction":[{"@type":"ReadAction","target":["http://www.varloteaux.org/fva/a-propos/"]}]},{"@type":"BreadcrumbList","@id":"http://www.varloteaux.org/fva/a-propos/#breadcrumb","itemListElement":[{"@type":"ListItem","position":1,"name":"Home","item":"http://www.varloteaux.org/fva/"},{"@type":"ListItem","position":2,"name":"A propos"}]},{"@type":"WebSite","@id":"http://www.varloteaux.org/fva/#website","url":"http://www.varloteaux.org/fva/","name":"FHAL VARLOTEAUX AIRCRAFT","description":"SOLUTIONS FOR AEROBATICS","potentialAction":[{"@type":"SearchAction","target":{"@type":"EntryPoint","urlTemplate":"http://www.varloteaux.org/fva/?s={search_term_string}"},"query-input":"required name=search_term_string"}],"inLanguage":"fr-FR"}]}</script>
<!-- / Yoast SEO plugin. -->

Créée en 2019 par Romain Fhal et Pierre Varloteaux, la SAS FVA a repris l’activité location d’avions de voltige de la société LAS de Gilles Lucazeau. La société FVA met actuellement en œuvre deux Extra 330 SC, l’avion de voltige plusieurs fois champion du Monde depuis 10 ans. Ces avions sont loués à des particuliers,&hellip; Lire la suite
