{"version":"1.0","provider_name":"FHAL VARLOTEAUX AIRCRAFT","provider_url":"http:\/\/www.varloteaux.org\/fva","author_name":"pierre.varloteaux","author_url":"http:\/\/www.varloteaux.org\/fva\/author\/pierre-varloteaux\/","title":"R\u00e9partitions et disponibilit\u00e9s des avions - FHAL VARLOTEAUX AIRCRAFT","type":"rich","width":600,"height":338,"html":"<blockquote class=\"wp-embedded-content\" data-secret=\"1TU8Z7DiBZ\"><a href=\"http:\/\/www.varloteaux.org\/fva\/repartitions-disponibilites-avions\/\">R\u00e9partitions et disponibilit\u00e9s des avions<\/a><\/blockquote><iframe sandbox=\"allow-scripts\" security=\"restricted\" src=\"http:\/\/www.varloteaux.org\/fva\/repartitions-disponibilites-avions\/embed\/#?secret=1TU8Z7DiBZ\" width=\"600\" height=\"338\" title=\"\u00ab\u00a0R\u00e9partitions et disponibilit\u00e9s des avions\u00a0\u00bb &#8212; FHAL VARLOTEAUX AIRCRAFT\" data-secret=\"1TU8Z7DiBZ\" frameborder=\"0\" marginwidth=\"0\" marginheight=\"0\" scrolling=\"no\" class=\"wp-embedded-content\"><\/iframe><script type=\"text\/javascript\">\n\/*! This file is auto-generated *\/\n!function(c,d){\"use strict\";var e=!1,o=!1;if(d.querySelector)if(c.addEventListener)e=!0;if(c.wp=c.wp||{},c.wp.receiveEmbedMessage);else if(c.wp.receiveEmbedMessage=function(e){var t=e.data;if(!t);else if(!(t.secret||t.message||t.value));else if(\/[^a-zA-Z0-9]\/.test(t.secret));else{for(var r,s,a,i=d.querySelectorAll('iframe[data-secret=\"'+t.secret+'\"]'),n=d.querySelectorAll('blockquote[data-secret=\"'+t.secret+'\"]'),o=new RegExp(\"^https?:$\",\"i\"),l=0;l<n.length;l++)n[l].style.display=\"none\";for(l=0;l<i.length;l++)if(r=i[l],e.source!==r.contentWindow);else{if(r.removeAttribute(\"style\"),\"height\"===t.message){if(1e3<(s=parseInt(t.value,10)))s=1e3;else if(~~s<200)s=200;r.height=s}if(\"link\"===t.message)if(s=d.createElement(\"a\"),a=d.createElement(\"a\"),s.href=r.getAttribute(\"src\"),a.href=t.value,!o.test(a.protocol));else if(a.host===s.host)if(d.activeElement===r)c.top.location.href=t.value}}},e)c.addEventListener(\"message\",c.wp.receiveEmbedMessage,!1),d.addEventListener(\"DOMContentLoaded\",t,!1),c.addEventListener(\"load\",t,!1);function t(){if(o);else{o=!0;for(var e,t,r,s=-1!==navigator.appVersion.indexOf(\"MSIE 10\"),a=!!navigator.userAgent.match(\/Trident.*rv:11\\.\/),i=d.querySelectorAll(\"iframe.wp-embedded-content\"),n=0;n<i.length;n++){if(!(r=(t=i[n]).getAttribute(\"data-secret\")))r=Math.random().toString(36).substr(2,10),t.src+=\"#?secret=\"+r,t.setAttribute(\"data-secret\",r);if(s||a)(e=t.cloneNode(!0)).removeAttribute(\"security\"),t.parentNode.replaceChild(e,t);t.contentWindow.postMessage({message:\"ready\",secret:r},\"*\")}}}}(window,document);\n<\/script>\n","description":"READ MORE\u2026 Les avions en stage Voir la r\u00e9partition des avions en France et \u00e0 l\u2019\u00e9tranger pendant la p\u00e9riode des stages. READ MORE\u2026 Comp\u00e9titions 2022 N\u2019h\u00e9sitez pas \u00e0 nous contacter pour&nbsp; toute demande ou recherche de solution ! Un peu perdu ? CONTACTEZ-NOUS ! Par email \u00e0: fva.aero@gmail.com Par t\u00e9l\u00e9phone \/ WhatsApp \u00e0: +33 614&hellip; Lire la suite","thumbnail_url":"http:\/\/www.varloteaux.org\/fva\/wp-content\/uploads\/2022\/01\/cropped-202110_Castellet-PVA-18.jpg"}

Répartitions et disponibilités des avions - FHAL VARLOTEAUX AIRCRAFT

<blockquote class="wp-embedded-content" data-secret="1TU8Z7DiBZ"><a href="http://www.varloteaux.org/fva/repartitions-disponibilites-avions/">Répartitions et disponibilités des avions</a></blockquote><iframe sandbox="allow-scripts" security="restricted" src="http://www.varloteaux.org/fva/repartitions-disponibilites-avions/embed/#?secret=1TU8Z7DiBZ" width="600" height="338" title="« Répartitions et disponibilités des avions » &#8212; FHAL VARLOTEAUX AIRCRAFT" data-secret="1TU8Z7DiBZ" frameborder="0" marginwidth="0" marginheight="0" scrolling="no" class="wp-embedded-content"></iframe><script type="text/javascript">
/*! This file is auto-generated */
!function(c,d){"use strict";var e=!1,o=!1;if(d.querySelector)if(c.addEventListener)e=!0;if(c.wp=c.wp||{},c.wp.receiveEmbedMessage);else if(c.wp.receiveEmbedMessage=function(e){var t=e.data;if(!t);else if(!(t.secret||t.message||t.value));else if(/[^a-zA-Z0-9]/.test(t.secret));else{for(var r,s,a,i=d.querySelectorAll('iframe[data-secret="'+t.secret+'"]'),n=d.querySelectorAll('blockquote[data-secret="'+t.secret+'"]'),o=new RegExp("^https?:$","i"),l=0;l<n.length;l++)n[l].style.display="none";for(l=0;l<i.length;l++)if(r=i[l],e.source!==r.contentWindow);else{if(r.removeAttribute("style"),"height"===t.message){if(1e3<(s=parseInt(t.value,10)))s=1e3;else if(~~s<200)s=200;r.height=s}if("link"===t.message)if(s=d.createElement("a"),a=d.createElement("a"),s.href=r.getAttribute("src"),a.href=t.value,!o.test(a.protocol));else if(a.host===s.host)if(d.activeElement===r)c.top.location.href=t.value}}},e)c.addEventListener("message",c.wp.receiveEmbedMessage,!1),d.addEventListener("DOMContentLoaded",t,!1),c.addEventListener("load",t,!1);function t(){if(o);else{o=!0;for(var e,t,r,s=-1!==navigator.appVersion.indexOf("MSIE 10"),a=!!navigator.userAgent.match(/Trident.*rv:11\./),i=d.querySelectorAll("iframe.wp-embedded-content"),n=0;n<i.length;n++){if(!(r=(t=i[n]).getAttribute("data-secret")))r=Math.random().toString(36).substr(2,10),t.src+="#?secret="+r,t.setAttribute("data-secret",r);if(s||a)(e=t.cloneNode(!0)).removeAttribute("security"),t.parentNode.replaceChild(e,t);t.contentWindow.postMessage({message:"ready",secret:r},"*")}}}}(window,document);
</script>

READ MORE… Les avions en stage Voir la répartition des avions en France et à l’étranger pendant la période des stages. READ MORE… Compétitions 2022 N’hésitez pas à nous contacter pour&nbsp; toute demande ou recherche de solution ! Un peu perdu ? CONTACTEZ-NOUS ! Par email à: fva.aero@gmail.com Par téléphone / WhatsApp à: +33 614&hellip; Lire la suite
